{"id":89,"date":"2021-10-26T14:42:57","date_gmt":"2021-10-26T19:42:57","guid":{"rendered":"http:\/\/colloques.uqac.ca\/sbehg\/?page_id=89"},"modified":"2021-11-16T11:24:58","modified_gmt":"2021-11-16T16:24:58","slug":"act-ouverture","status":"publish","type":"page","link":"https:\/\/colloques.uqac.ca\/sbehg\/act-ouverture\/","title":{"rendered":"Activit\u00e9 de lancement"},"content":{"rendered":"<h5 style=\"color: #d21c1e;margin-top: -5px\">15 novembre de 11h30 \u00e0 13h30<\/h5>\n<table style=\"border: 1px solid #d21c1e\">\n<tbody>\n<tr>\n<td style=\"width: 30%;background-color: #d21c1e;color: white;font-size: 22px;text-align: center\">REDIFFUSION<\/td>\n<td style=\"width: 70%;background-color: white;color: #d21c1e;text-align: center\"><a style=\"color: #d21c1e;text-decoration: none;font-size: 22px\" href=\"https:\/\/uqac.ca.panopto.com\/Panopto\/Pages\/Viewer.aspx?id=f20ceb56-01a3-481b-910e-ade2001ec578\" target=\"_blank\">LIEN VERS LA REDIFFUSION<\/a><\/td>\n<\/tr>\n<\/tbody>\n<\/table>\n<h5 style=\"margin-bottom: 0\">Mot de bienvenue<\/h5>\n<h5 style=\"margin-bottom: 0\">Allocutions d&rsquo;ouverture<\/h5>\n<ul>\n<li>Ghislain Samson, recteur de l&rsquo;UQAC<\/li>\n<li>Julie Labb\u00e9, PDG du CIUSSS 02<\/li>\n<li>Manon Asselin, PDG du CISSS 09<\/li>\n<li style=\"text-align: justify\">S\u00e9bastien Ouellet, Centre de ressources pour hommes Optimum;Regroupement intersectoriel sur les r\u00e9alit\u00e9s masculines Saguenay Lac-Saint-Jean<\/li>\n<li>\u00c9ric Pilote (UQAC)<\/li>\n<\/ul>\n<h5 style=\"margin-bottom: 5px\">Conf\u00e9rencier<\/h5>\n<table style=\"border:1px solid #d21c1e\">\n<tr>\n<td style=\"vertical-align:middle;background-color:#d21c1e;color:white;border:1px solid #d21c1e\">\n<h6 style=\"margin:0\">Jacques Roy<\/h6>\n<\/td>\n<\/tr>\n<tr>\n<td>\n<div style=\"float: right;margin-left:10px;margin-top:10px\"><img loading=\"lazy\" decoding=\"async\" src=\"https:\/\/colloques.uqac.ca\/sbehg\/files\/2021\/10\/Jacques-Roy-150x150.jpg\" alt=\"Jacques Roy\" width=\"150\" height=\"150\" class=\"alignnone size-medium wp-image-459\" \/><\/div>\n<p style=\"text-align: justify;margin:3px\">Jacques Roy est sociologue-chercheur et professeur associ\u00e9 \u00e0 l\u2019Universit\u00e9 du Qu\u00e9bec \u00e0 Chicoutimi depuis 2020. Auparavant, il a \u00e9volu\u00e9 dans le r\u00e9seau coll\u00e9gial comme professeur-chercheur au C\u00e9gep de Sainte-Foy. Il a produit diverses \u00e9tudes sur la r\u00e9ussite scolaire en milieu coll\u00e9gial comme chercheur principal et il est l\u2019auteur de quatre essais sur la r\u00e9ussite des c\u00e9g\u00e9piens<em>.\u00a0<\/em>De\u00a02012 \u00e0 2015, avec l\u2019\u00e9quipe de Masculinit\u00e9s et Soci\u00e9t\u00e9, il a collabor\u00e9 activement \u00e0 quatre \u00e9tudes sur les perceptions des hommes qu\u00e9b\u00e9cois concernant leurs besoins psychosociaux et de sant\u00e9 ainsi que de leur rapport aux services. Notamment, il est l\u2019auteur principal d\u2019une m\u00e9ta-synth\u00e8se\u00a0de 65 \u00e9tudes sur des hommes qu\u00e9b\u00e9cois ainsi que d\u2019un rapport sur les donn\u00e9es publiques portant sur un portrait social et de sant\u00e9 des hommes au Qu\u00e9bec. Il agit actuellement \u00e0 titre de coordonnateur scientifique pour le P\u00f4le d\u2019expertise et de recherche en sant\u00e9 et bien-\u00eatre des hommes.<\/p>\n<\/td>\n<\/tr>\n<tr>\n<td style=\"vertical-align:middle;background-color:#d21c1e;color:white;border:1px solid #d21c1e;text-align:center\">\n<p style=\"margin:0\">Conf\u00e9rence<\/p>\n<h6 style=\"margin:0\">Les hommes et la COVID-19 au Saguenay-Lac-Saint-Jean<\/h6>\n<\/td>\n<\/tr>\n<tr>\n<td>\n<p style=\"text-align: justify;margin:3px\">Un sondage SOM a \u00e9t\u00e9 r\u00e9alis\u00e9 au printemps 2021 aupr\u00e8s d\u2019un \u00e9chantillon repr\u00e9sentatif d\u2019hommes de 18 ans et plus, r\u00e9sidant au Saguenay\u2013Lac-Saint-Jean. Le sondage visait \u00e0 comprendre de quelle mani\u00e8re la situation sanitaire actuelle a eu un impact sur les hommes et leurs proches, sur leur vie sociale, de couple et familiale, et sur l\u2019\u00e9tat de leur sant\u00e9 mentale ainsi que sur le recours aux services sociaux et de sant\u00e9 apr\u00e8s plus d\u2019un an de pand\u00e9mie.<\/p>\n<p style=\"text-align: justify;margin:3px\">L\u2019objectif de la communication est de pr\u00e9senter les faits saillants du sondage, d\u2019en d\u00e9gager des tendances sur le plan de l\u2019adaptation des hommes \u00e0 la situation de pand\u00e9mie et de rendre compte de leur rapport \u00e0 l\u2019aide et aux services, notamment concernant la consultation \u00e0 distance qui fut un mode d\u2019intervention qui s\u2019est d\u00e9velopp\u00e9 en p\u00e9riode de COVID-19. Un dialogue avec les participants est pr\u00e9vu sur les r\u00e9sultats du sondage.<\/p>\n<\/td>\n<\/tr>\n<tr>\n<td style=\"vertical-align:middle;background-color:#d21c1e;color:white;border:1px solid #d21c1e;text-align:center\">\n<p style=\"margin:0\">Avec<\/p>\n<\/td>\n<\/tr>\n<tr>\n<td>\n<p style=\"text-align: justify;margin:3px;line-height: 1\">R\u00e9mi Riverain, CIUSSS-02<\/br><br \/>\nMarie-Eve Joncas, CISSS-09<\/br><br \/>\nEdmond Michaud, Hommes Sept-\u00celes et porte-parole de la Table nord-c\u00f4ti\u00e8re sur les r\u00e9alit\u00e9s masculines<\/p>\n<\/td>\n<\/tr>\n<\/table>\n<h5 style=\"margin-bottom: 5px\">P\u00e9riode de questions<\/h5>\n<ul>\n<li>Animateur : Dominic Bizot<\/li>\n<\/ul>\n","protected":false},"excerpt":{"rendered":"<p>15 novembre de 11h30 \u00e0 13h30 REDIFFUSION LIEN VERS LA REDIFFUSION Mot de bienvenue Allocutions d&rsquo;ouverture Ghislain Samson, recteur de l&rsquo;UQAC Julie Labb\u00e9, PDG du CIUSSS 02 Manon Asselin, PDG du CISSS 09 S\u00e9bastien Ouellet, Centre de ressources pour hommes Optimum;Regroupement intersectoriel sur les r\u00e9alit\u00e9s masculines Saguenay Lac-Saint-Jean \u00c9ric Pilote (UQAC) Conf\u00e9rencier Jacques Roy Jacques &hellip; <a href=\"https:\/\/colloques.uqac.ca\/sbehg\/act-ouverture\/\" class=\"more-link\">Continuer la lecture de <span class=\"screen-reader-text\">Activit\u00e9 de lancement<\/span>  <span class=\"meta-nav\">&rarr;<\/span><\/a><\/p>\n","protected":false},"author":63,"featured_media":0,"parent":0,"menu_order":0,"comment_status":"closed","ping_status":"closed","template":"","meta":{"footnotes":""},"_links":{"self":[{"href":"https:\/\/colloques.uqac.ca\/sbehg\/wp-json\/wp\/v2\/pages\/89"}],"collection":[{"href":"https:\/\/colloques.uqac.ca\/sbehg\/wp-json\/wp\/v2\/pages"}],"about":[{"href":"https:\/\/colloques.uqac.ca\/sbehg\/wp-json\/wp\/v2\/types\/page"}],"author":[{"embeddable":true,"href":"https:\/\/colloques.uqac.ca\/sbehg\/wp-json\/wp\/v2\/users\/63"}],"replies":[{"embeddable":true,"href":"https:\/\/colloques.uqac.ca\/sbehg\/wp-json\/wp\/v2\/comments?post=89"}],"version-history":[{"count":62,"href":"https:\/\/colloques.uqac.ca\/sbehg\/wp-json\/wp\/v2\/pages\/89\/revisions"}],"predecessor-version":[{"id":1053,"href":"https:\/\/colloques.uqac.ca\/sbehg\/wp-json\/wp\/v2\/pages\/89\/revisions\/1053"}],"wp:attachment":[{"href":"https:\/\/colloques.uqac.ca\/sbehg\/wp-json\/wp\/v2\/media?parent=89"}],"curies":[{"name":"wp","href":"https:\/\/api.w.org\/{rel}","templated":true}]}}

Activité de lancement

<h5 style="color: #d21c1e;margin-top: -5px">15 novembre de 11h30 à 13h30</h5>
<table style="border: 1px solid #d21c1e">
<tbody>
<tr>
<td style="width: 30%;background-color: #d21c1e;color: white;font-size: 22px;text-align: center">REDIFFUSION</td>
<td style="width: 70%;background-color: white;color: #d21c1e;text-align: center"><a style="color: #d21c1e;text-decoration: none;font-size: 22px" href="https://uqac.ca.panopto.com/Panopto/Pages/Viewer.aspx?id=f20ceb56-01a3-481b-910e-ade2001ec578" target="_blank">LIEN VERS LA REDIFFUSION</a></td>
</tr>
</tbody>
</table>
<h5 style="margin-bottom: 0">Mot de bienvenue</h5>
<h5 style="margin-bottom: 0">Allocutions d&rsquo;ouverture</h5>
<ul>
<li>Ghislain Samson, recteur de l&rsquo;UQAC</li>
<li>Julie Labbé, PDG du CIUSSS 02</li>
<li>Manon Asselin, PDG du CISSS 09</li>
<li style="text-align: justify">Sébastien Ouellet, Centre de ressources pour hommes Optimum;Regroupement intersectoriel sur les réalités masculines Saguenay Lac-Saint-Jean</li>
<li>Éric Pilote (UQAC)</li>
</ul>
<h5 style="margin-bottom: 5px">Conférencier</h5>
<table style="border:1px solid #d21c1e">
<tr>
<td style="vertical-align:middle;background-color:#d21c1e;color:white;border:1px solid #d21c1e">
<h6 style="margin:0">Jacques Roy</h6>
</td>
</tr>
<tr>
<td>
<div style="float: right;margin-left:10px;margin-top:10px"><img loading="lazy" decoding="async" src="https://colloques.uqac.ca/sbehg/files/2021/10/Jacques-Roy-150x150.jpg" alt="Jacques Roy" width="150" height="150" class="alignnone size-medium wp-image-459" /></div>
<p style="text-align: justify;margin:3px">Jacques Roy est sociologue-chercheur et professeur associé à l’Université du Québec à Chicoutimi depuis 2020. Auparavant, il a évolué dans le réseau collégial comme professeur-chercheur au Cégep de Sainte-Foy. Il a produit diverses études sur la réussite scolaire en milieu collégial comme chercheur principal et il est l’auteur de quatre essais sur la réussite des cégépiens<em>. </em>De 2012 à 2015, avec l’équipe de Masculinités et Société, il a collaboré activement à quatre études sur les perceptions des hommes québécois concernant leurs besoins psychosociaux et de santé ainsi que de leur rapport aux services. Notamment, il est l’auteur principal d’une méta-synthèse de 65 études sur des hommes québécois ainsi que d’un rapport sur les données publiques portant sur un portrait social et de santé des hommes au Québec. Il agit actuellement à titre de coordonnateur scientifique pour le Pôle d’expertise et de recherche en santé et bien-être des hommes.</p>
</td>
</tr>
<tr>
<td style="vertical-align:middle;background-color:#d21c1e;color:white;border:1px solid #d21c1e;text-align:center">
<p style="margin:0">Conférence</p>
<h6 style="margin:0">Les hommes et la COVID-19 au Saguenay-Lac-Saint-Jean</h6>
</td>
</tr>
<tr>
<td>
<p style="text-align: justify;margin:3px">Un sondage SOM a été réalisé au printemps 2021 auprès d’un échantillon représentatif d’hommes de 18 ans et plus, résidant au Saguenay–Lac-Saint-Jean. Le sondage visait à comprendre de quelle manière la situation sanitaire actuelle a eu un impact sur les hommes et leurs proches, sur leur vie sociale, de couple et familiale, et sur l’état de leur santé mentale ainsi que sur le recours aux services sociaux et de santé après plus d’un an de pandémie.</p>
<p style="text-align: justify;margin:3px">L’objectif de la communication est de présenter les faits saillants du sondage, d’en dégager des tendances sur le plan de l’adaptation des hommes à la situation de pandémie et de rendre compte de leur rapport à l’aide et aux services, notamment concernant la consultation à distance qui fut un mode d’intervention qui s’est développé en période de COVID-19. Un dialogue avec les participants est prévu sur les résultats du sondage.</p>
</td>
</tr>
<tr>
<td style="vertical-align:middle;background-color:#d21c1e;color:white;border:1px solid #d21c1e;text-align:center">
<p style="margin:0">Avec</p>
</td>
</tr>
<tr>
<td>
<p style="text-align: justify;margin:3px;line-height: 1">Rémi Riverain, CIUSSS-02</br><br />
Marie-Eve Joncas, CISSS-09</br><br />
Edmond Michaud, Hommes Sept-Îles et porte-parole de la Table nord-côtière sur les réalités masculines</p>
</td>
</tr>
</table>
<h5 style="margin-bottom: 5px">Période de questions</h5>
<ul>
<li>Animateur : Dominic Bizot</li>
</ul>

<p>15 novembre de 11h30 à 13h30 REDIFFUSION LIEN VERS LA REDIFFUSION Mot de bienvenue Allocutions d&rsquo;ouverture Ghislain Samson, recteur de l&rsquo;UQAC Julie Labbé, PDG du CIUSSS 02 Manon Asselin, PDG du CISSS 09 Sébastien Ouellet, Centre de ressources pour hommes Optimum;Regroupement intersectoriel sur les réalités masculines Saguenay Lac-Saint-Jean Éric Pilote (UQAC) Conférencier Jacques Roy Jacques &hellip; <a href="https://colloques.uqac.ca/sbehg/act-ouverture/" class="more-link">Continuer la lecture de <span class="screen-reader-text">Activité de lancement</span>  <span class="meta-nav">&rarr;</span></a></p>
