{"id":438,"date":"2021-10-30T19:32:49","date_gmt":"2021-10-31T00:32:49","guid":{"rendered":"http:\/\/colloques.uqac.ca\/sbehg\/?page_id=438"},"modified":"2021-11-02T16:04:15","modified_gmt":"2021-11-02T21:04:15","slug":"collaboration-atm","status":"publish","type":"page","link":"https:\/\/colloques.uqac.ca\/sbehg\/collaboration-atm\/","title":{"rendered":"Collaboration avec l\u2019\u00c9cole sup\u00e9rieure en Art et technologie des m\u00e9dias du C\u00e9gep de Jonqui\u00e8re"},"content":{"rendered":"<p style=\"text-align: justify\">Dans le cadre du colloque \u00ab Quinzaine interr\u00e9gionale en sant\u00e9 et bien-\u00eatre des hommes et des gar\u00e7ons \u00bb qui aura lieu en mode virtuel du 15 au 26 novembre 2021, une collaboration in\u00e9dite avec l\u2019\u00c9cole sup\u00e9rieure en Art et technologie des m\u00e9dias du C\u00e9gep de Jonqui\u00e8re a permis de r\u00e9aliser des outils de communication scientifique. Cette entente concerne sp\u00e9cifiquement la cr\u00e9ation d\u2019\u00e9l\u00e9ments visuels anim\u00e9s, le montage de webinaires asynchrones et l\u2019animation d\u2019ateliers lors du colloque en collaboration avec le D\u00e9partement des Techniques en travail social du C\u00e9gep de Jonqui\u00e8re.<\/p>\n<table style=\"border: none\">\n<tbody>\n<tr>\n<td style=\"background-color: #d21c1e;color: white\">\n<p style=\"font-weight: bold;font-size: 15px;margin-top: 5px;margin-bottom: 5px\">Les \u00e9tudiant\u00b7e\u00b7s de l\u2019ESTAM qui ont r\u00e9alis\u00e9 les outils de communication sont :<\/p>\n<\/td>\n<\/tr>\n<tr>\n<td style=\"border: #d21c1e solid 1px\">\n<ul style=\"margin-bottom: 5px;margin-top: 5px\">\n<li style=\"margin-bottom: 5px;text-align: justify\">Estellevia Bardil, <em>cr\u00e9ation en motion design<\/em><\/li>\n<li style=\"margin-bottom: 5px;text-align: justify\">Elisabeth Desrochers, <em>coordination de postproduction<\/em><\/li>\n<li style=\"margin-bottom: 5px;text-align: justify\">\u00c9mile Gagnon, <em>montage<\/em><\/li>\n<li style=\"margin-bottom: 5px;text-align: justify\">Antoine Lee, <em>montage<\/em><\/li>\n<\/ul>\n<\/td>\n<\/tr>\n<\/tbody>\n<\/table>\n","protected":false},"excerpt":{"rendered":"<p>Dans le cadre du colloque \u00ab Quinzaine interr\u00e9gionale en sant\u00e9 et bien-\u00eatre des hommes et des gar\u00e7ons \u00bb qui aura lieu en mode virtuel du 15 au 26 novembre 2021, une collaboration in\u00e9dite avec l\u2019\u00c9cole sup\u00e9rieure en Art et technologie des m\u00e9dias du C\u00e9gep de Jonqui\u00e8re a permis de r\u00e9aliser des outils de communication scientifique. &hellip; <a href=\"https:\/\/colloques.uqac.ca\/sbehg\/collaboration-atm\/\" class=\"more-link\">Continuer la lecture de <span class=\"screen-reader-text\">Collaboration avec l\u2019\u00c9cole sup\u00e9rieure en Art et technologie des m\u00e9dias du C\u00e9gep de Jonqui\u00e8re<\/span>  <span class=\"meta-nav\">&rarr;<\/span><\/a><\/p>\n","protected":false},"author":63,"featured_media":0,"parent":0,"menu_order":0,"comment_status":"closed","ping_status":"open","template":"","meta":{"footnotes":""},"_links":{"self":[{"href":"https:\/\/colloques.uqac.ca\/sbehg\/wp-json\/wp\/v2\/pages\/438"}],"collection":[{"href":"https:\/\/colloques.uqac.ca\/sbehg\/wp-json\/wp\/v2\/pages"}],"about":[{"href":"https:\/\/colloques.uqac.ca\/sbehg\/wp-json\/wp\/v2\/types\/page"}],"author":[{"embeddable":true,"href":"https:\/\/colloques.uqac.ca\/sbehg\/wp-json\/wp\/v2\/users\/63"}],"replies":[{"embeddable":true,"href":"https:\/\/colloques.uqac.ca\/sbehg\/wp-json\/wp\/v2\/comments?post=438"}],"version-history":[{"count":22,"href":"https:\/\/colloques.uqac.ca\/sbehg\/wp-json\/wp\/v2\/pages\/438\/revisions"}],"predecessor-version":[{"id":846,"href":"https:\/\/colloques.uqac.ca\/sbehg\/wp-json\/wp\/v2\/pages\/438\/revisions\/846"}],"wp:attachment":[{"href":"https:\/\/colloques.uqac.ca\/sbehg\/wp-json\/wp\/v2\/media?parent=438"}],"curies":[{"name":"wp","href":"https:\/\/api.w.org\/{rel}","templated":true}]}}

Collaboration avec l’École supérieure en Art et technologie des médias du Cégep de Jonquière

<p style="text-align: justify">Dans le cadre du colloque « Quinzaine interrégionale en santé et bien-être des hommes et des garçons » qui aura lieu en mode virtuel du 15 au 26 novembre 2021, une collaboration inédite avec l’École supérieure en Art et technologie des médias du Cégep de Jonquière a permis de réaliser des outils de communication scientifique. Cette entente concerne spécifiquement la création d’éléments visuels animés, le montage de webinaires asynchrones et l’animation d’ateliers lors du colloque en collaboration avec le Département des Techniques en travail social du Cégep de Jonquière.</p>
<table style="border: none">
<tbody>
<tr>
<td style="background-color: #d21c1e;color: white">
<p style="font-weight: bold;font-size: 15px;margin-top: 5px;margin-bottom: 5px">Les étudiant·e·s de l’ESTAM qui ont réalisé les outils de communication sont :</p>
</td>
</tr>
<tr>
<td style="border: #d21c1e solid 1px">
<ul style="margin-bottom: 5px;margin-top: 5px">
<li style="margin-bottom: 5px;text-align: justify">Estellevia Bardil, <em>création en motion design</em></li>
<li style="margin-bottom: 5px;text-align: justify">Elisabeth Desrochers, <em>coordination de postproduction</em></li>
<li style="margin-bottom: 5px;text-align: justify">Émile Gagnon, <em>montage</em></li>
<li style="margin-bottom: 5px;text-align: justify">Antoine Lee, <em>montage</em></li>
</ul>
</td>
</tr>
</tbody>
</table>

<p>Dans le cadre du colloque « Quinzaine interrégionale en santé et bien-être des hommes et des garçons » qui aura lieu en mode virtuel du 15 au 26 novembre 2021, une collaboration inédite avec l’École supérieure en Art et technologie des médias du Cégep de Jonquière a permis de réaliser des outils de communication scientifique. &hellip; <a href="https://colloques.uqac.ca/sbehg/collaboration-atm/" class="more-link">Continuer la lecture de <span class="screen-reader-text">Collaboration avec l’École supérieure en Art et technologie des médias du Cégep de Jonquière</span>  <span class="meta-nav">&rarr;</span></a></p>
