{"id":434,"date":"2021-10-30T19:29:55","date_gmt":"2021-10-31T00:29:55","guid":{"rendered":"http:\/\/colloques.uqac.ca\/sbehg\/?page_id=434"},"modified":"2021-11-02T16:04:06","modified_gmt":"2021-11-02T21:04:06","slug":"laboratoire-de-recherche-sur-les-realites-masculines-au-saguenay-lac-saint-jean","status":"publish","type":"page","link":"https:\/\/colloques.uqac.ca\/sbehg\/laboratoire-de-recherche-sur-les-realites-masculines-au-saguenay-lac-saint-jean\/","title":{"rendered":"Laboratoire de recherche sur les r\u00e9alit\u00e9s masculines au Saguenay\u2013Lac-Saint-Jean"},"content":{"rendered":"<p style=\"text-align: justify;line-height: 1.6\">Dirig\u00e9 par les professeurs Dominic Bizot et \u00c9ric Pilote de l\u2019Unit\u00e9 d\u2019enseignement en travail social, le Laboratoire se veut un lieu de mobilisation de connaissances. En alliant les milieux de pratique et d\u2019enseignement, il vise \u00e0 d\u00e9velopper des activit\u00e9s de recherche pour mieux comprendre les r\u00e9alit\u00e9s masculines et r\u00e9pondre plus ad\u00e9quatement aux besoins des hommes et des gar\u00e7ons du Saguenay\u2013Lac-Saint-Jean, et ce, dans le but de promouvoir leur sant\u00e9 et leur bien-\u00eatre.<\/p>\n<p style=\"text-align: justify;line-height: 1.6\">En utilisant une double perspective de la demande et de l\u2019offre comme angle d\u2019analyse pour \u00e9tudier la question de l\u2019aide aux gar\u00e7ons et aux hommes dans les domaines biopsychosociaux, le L2RM-SLSJ structure ainsi sa programmation scientifique de fa\u00e7on syst\u00e9matique et \u00e0 l\u2019avant-garde du champ des \u00e9tudes sur les hommes et les masculinit\u00e9s (Men\u2019s Studies).<\/p>\n<p style=\"text-align: justify;line-height: 1.6\">Finalement, en incluant des objectifs de recherche portant sp\u00e9cifiquement sur les r\u00e9alit\u00e9s r\u00e9gionales p\u00e9riph\u00e9riques, le Laboratoire repr\u00e9sente la prochaine \u00e9tape pour r\u00e9pondre aux besoins en recherche des milieux mobilis\u00e9s, tout en se mettant au diapason de la volont\u00e9 des pouvoirs publics provinciaux et r\u00e9gionaux en la mati\u00e8re.<\/p>\n","protected":false},"excerpt":{"rendered":"<p>Dirig\u00e9 par les professeurs Dominic Bizot et \u00c9ric Pilote de l\u2019Unit\u00e9 d\u2019enseignement en travail social, le Laboratoire se veut un lieu de mobilisation de connaissances. En alliant les milieux de pratique et d\u2019enseignement, il vise \u00e0 d\u00e9velopper des activit\u00e9s de recherche pour mieux comprendre les r\u00e9alit\u00e9s masculines et r\u00e9pondre plus ad\u00e9quatement aux besoins des hommes &hellip; <a href=\"https:\/\/colloques.uqac.ca\/sbehg\/laboratoire-de-recherche-sur-les-realites-masculines-au-saguenay-lac-saint-jean\/\" class=\"more-link\">Continuer la lecture de <span class=\"screen-reader-text\">Laboratoire de recherche sur les r\u00e9alit\u00e9s masculines au Saguenay\u2013Lac-Saint-Jean<\/span>  <span class=\"meta-nav\">&rarr;<\/span><\/a><\/p>\n","protected":false},"author":63,"featured_media":0,"parent":0,"menu_order":0,"comment_status":"closed","ping_status":"open","template":"","meta":{"footnotes":""},"_links":{"self":[{"href":"https:\/\/colloques.uqac.ca\/sbehg\/wp-json\/wp\/v2\/pages\/434"}],"collection":[{"href":"https:\/\/colloques.uqac.ca\/sbehg\/wp-json\/wp\/v2\/pages"}],"about":[{"href":"https:\/\/colloques.uqac.ca\/sbehg\/wp-json\/wp\/v2\/types\/page"}],"author":[{"embeddable":true,"href":"https:\/\/colloques.uqac.ca\/sbehg\/wp-json\/wp\/v2\/users\/63"}],"replies":[{"embeddable":true,"href":"https:\/\/colloques.uqac.ca\/sbehg\/wp-json\/wp\/v2\/comments?post=434"}],"version-history":[{"count":4,"href":"https:\/\/colloques.uqac.ca\/sbehg\/wp-json\/wp\/v2\/pages\/434\/revisions"}],"predecessor-version":[{"id":845,"href":"https:\/\/colloques.uqac.ca\/sbehg\/wp-json\/wp\/v2\/pages\/434\/revisions\/845"}],"wp:attachment":[{"href":"https:\/\/colloques.uqac.ca\/sbehg\/wp-json\/wp\/v2\/media?parent=434"}],"curies":[{"name":"wp","href":"https:\/\/api.w.org\/{rel}","templated":true}]}}

Laboratoire de recherche sur les réalités masculines au Saguenay–Lac-Saint-Jean

<p style="text-align: justify;line-height: 1.6">Dirigé par les professeurs Dominic Bizot et Éric Pilote de l’Unité d’enseignement en travail social, le Laboratoire se veut un lieu de mobilisation de connaissances. En alliant les milieux de pratique et d’enseignement, il vise à développer des activités de recherche pour mieux comprendre les réalités masculines et répondre plus adéquatement aux besoins des hommes et des garçons du Saguenay–Lac-Saint-Jean, et ce, dans le but de promouvoir leur santé et leur bien-être.</p>
<p style="text-align: justify;line-height: 1.6">En utilisant une double perspective de la demande et de l’offre comme angle d’analyse pour étudier la question de l’aide aux garçons et aux hommes dans les domaines biopsychosociaux, le L2RM-SLSJ structure ainsi sa programmation scientifique de façon systématique et à l’avant-garde du champ des études sur les hommes et les masculinités (Men’s Studies).</p>
<p style="text-align: justify;line-height: 1.6">Finalement, en incluant des objectifs de recherche portant spécifiquement sur les réalités régionales périphériques, le Laboratoire représente la prochaine étape pour répondre aux besoins en recherche des milieux mobilisés, tout en se mettant au diapason de la volonté des pouvoirs publics provinciaux et régionaux en la matière.</p>

<p>Dirigé par les professeurs Dominic Bizot et Éric Pilote de l’Unité d’enseignement en travail social, le Laboratoire se veut un lieu de mobilisation de connaissances. En alliant les milieux de pratique et d’enseignement, il vise à développer des activités de recherche pour mieux comprendre les réalités masculines et répondre plus adéquatement aux besoins des hommes &hellip; <a href="https://colloques.uqac.ca/sbehg/laboratoire-de-recherche-sur-les-realites-masculines-au-saguenay-lac-saint-jean/" class="more-link">Continuer la lecture de <span class="screen-reader-text">Laboratoire de recherche sur les réalités masculines au Saguenay–Lac-Saint-Jean</span>  <span class="meta-nav">&rarr;</span></a></p>
