{"id":117,"date":"2021-10-26T14:55:01","date_gmt":"2021-10-26T19:55:01","guid":{"rendered":"http:\/\/colloques.uqac.ca\/sbehg\/?page_id=117"},"modified":"2021-11-20T13:18:50","modified_gmt":"2021-11-20T18:18:50","slug":"act-fermeture","status":"publish","type":"page","link":"https:\/\/colloques.uqac.ca\/sbehg\/act-fermeture\/","title":{"rendered":"Activit\u00e9 de fermeture"},"content":{"rendered":"<h5 style=\"color: #d21c1e;margin-top: -5px\">19 novembre de 11h30 \u00e0 13h30<\/h5>\n<table style=\"border: 1px solid #d21c1e\">\n<tbody>\n<tr>\n<td style=\"width: 30%;background-color: #d21c1e;color: white;font-size: 22px;text-align: center\">REDIFFUSION<\/td>\n<td style=\"width: 70%;background-color: white;color: #d21c1e;text-align: center\"><a style=\"color: #d21c1e;text-decoration: none;font-size: 22px\" href=\"https:\/\/uqac.ca.panopto.com\/Panopto\/Pages\/Viewer.aspx?id=b50fff56-3381-4616-b518-ade501613b48\" target=\"_blank\">LIEN VERS LA REDIFFUSION<\/a><\/td>\n<\/tr>\n<\/tbody>\n<\/table>\n<h5 style=\"margin-bottom: 0\">Mot de bienvenue<\/h5>\n<ul>\n<li>\u00c9ric Pilote (UQAC)<\/li>\n<\/ul>\n<h5 style=\"margin-bottom: 5px\">Conf\u00e9rence<\/h5>\n<table style=\"border:1px solid #d21c1e\">\n<tr>\n<td style=\"vertical-align:middle;background-color:#d21c1e;color:white;border:1px solid #d21c1e\">\n<h6 style=\"margin:0\">Conf\u00e9rencier\u00b7i\u00e8re\u00b7s<\/h6>\n<\/td>\n<\/tr>\n<tr>\n<td>\n<p style=\"text-align: justify;margin:3px;line-height:1\">R\u00e9mi Riverin<\/br><br \/>\nMarie-\u00c8ve Joncas<\/p>\n<\/td>\n<\/tr>\n<tr>\n<td style=\"vertical-align:middle;background-color:#d21c1e;color:white;border:1px solid #d21c1e;text-align:center\">\n<p style=\"margin:0\">Conf\u00e9rence<\/p>\n<h6 style=\"margin:0\">Bilan et perspectives des plans r\u00e9gionaux SBEH 02 et 09<\/h6>\n<\/td>\n<\/tr>\n<\/table>\n<h5 style=\"margin-bottom: 5px\">Panel<\/h5>\n<table style=\"border:1px solid #d21c1e\">\n<tr>\n<td style=\"vertical-align:middle;background-color:#d21c1e;color:white;border:1px solid #d21c1e\">\n<h6 style=\"margin:0\">Pan\u00e9listes pour la r\u00e9gion 02<\/h6>\n<\/td>\n<\/tr>\n<tr>\n<td>\n<p style=\"text-align: justify;margin:3px;line-height:1\">R\u00e9mi Riverin, CIUSSS-02<\/br><br \/>\nS\u00e9bastien Ouellet, CRH Optimum et Pr\u00e9sident du RIRM<\/p>\n<\/td>\n<\/tr>\n<tr>\n<td style=\"vertical-align:middle;background-color:#d21c1e;color:white;border:1px solid #d21c1e\">\n<h6 style=\"margin:0\">Pan\u00e9listes pour la r\u00e9gion 09<\/h6>\n<\/td>\n<\/tr>\n<tr>\n<td>\n<p style=\"text-align: justify;margin:3px;line-height:1\">Marie-\u00c8ve Joncas, CISSS-09<\/br><br \/>\nEdmond Michaud, Hommes Sept-\u00celes et porte-parole de la Table nord-c\u00f4ti\u00e8re sur les r\u00e9alit\u00e9s masculines<\/p>\n<\/td>\n<\/tr>\n<\/table>\n<h5 style=\"margin-bottom: 5px\">P\u00e9riode de questions<\/h5>\n<ul>\n<li>Animateur : Dominic Bizot<\/li>\n<\/ul>\n<h5 style=\"margin-bottom: 5px\">Synth\u00e8se et mot de la fin<\/h5>\n<ul>\n<li>\u00c9ric Pilote (UQAC) et un\u00b7e repr\u00e9sentant\u00b7e du RIRM-SLSJ<\/li>\n<\/ul>\n","protected":false},"excerpt":{"rendered":"<p>19 novembre de 11h30 \u00e0 13h30 REDIFFUSION LIEN VERS LA REDIFFUSION Mot de bienvenue \u00c9ric Pilote (UQAC) Conf\u00e9rence Conf\u00e9rencier\u00b7i\u00e8re\u00b7s R\u00e9mi Riverin Marie-\u00c8ve Joncas Conf\u00e9rence Bilan et perspectives des plans r\u00e9gionaux SBEH 02 et 09 Panel Pan\u00e9listes pour la r\u00e9gion 02 R\u00e9mi Riverin, CIUSSS-02 S\u00e9bastien Ouellet, CRH Optimum et Pr\u00e9sident du RIRM Pan\u00e9listes pour la r\u00e9gion &hellip; <a href=\"https:\/\/colloques.uqac.ca\/sbehg\/act-fermeture\/\" class=\"more-link\">Continuer la lecture de <span class=\"screen-reader-text\">Activit\u00e9 de fermeture<\/span>  <span class=\"meta-nav\">&rarr;<\/span><\/a><\/p>\n","protected":false},"author":63,"featured_media":0,"parent":0,"menu_order":0,"comment_status":"closed","ping_status":"closed","template":"","meta":{"footnotes":""},"_links":{"self":[{"href":"https:\/\/colloques.uqac.ca\/sbehg\/wp-json\/wp\/v2\/pages\/117"}],"collection":[{"href":"https:\/\/colloques.uqac.ca\/sbehg\/wp-json\/wp\/v2\/pages"}],"about":[{"href":"https:\/\/colloques.uqac.ca\/sbehg\/wp-json\/wp\/v2\/types\/page"}],"author":[{"embeddable":true,"href":"https:\/\/colloques.uqac.ca\/sbehg\/wp-json\/wp\/v2\/users\/63"}],"replies":[{"embeddable":true,"href":"https:\/\/colloques.uqac.ca\/sbehg\/wp-json\/wp\/v2\/comments?post=117"}],"version-history":[{"count":8,"href":"https:\/\/colloques.uqac.ca\/sbehg\/wp-json\/wp\/v2\/pages\/117\/revisions"}],"predecessor-version":[{"id":1071,"href":"https:\/\/colloques.uqac.ca\/sbehg\/wp-json\/wp\/v2\/pages\/117\/revisions\/1071"}],"wp:attachment":[{"href":"https:\/\/colloques.uqac.ca\/sbehg\/wp-json\/wp\/v2\/media?parent=117"}],"curies":[{"name":"wp","href":"https:\/\/api.w.org\/{rel}","templated":true}]}}