{"id":108,"date":"2021-10-26T14:49:16","date_gmt":"2021-10-26T19:49:16","guid":{"rendered":"http:\/\/colloques.uqac.ca\/sbehg\/?page_id=108"},"modified":"2021-11-27T02:21:14","modified_gmt":"2021-11-27T07:21:14","slug":"atelier-hommes-autochtones","status":"publish","type":"page","link":"https:\/\/colloques.uqac.ca\/sbehg\/atelier-hommes-autochtones\/","title":{"rendered":"Atelier 7 &#8211; Hommes et gar\u00e7ons autochtones"},"content":{"rendered":"<h5 style=\"color: #d21c1e\">Mise en ligne du webinaire : 18 novembre<\/h5>\n<table style=\"border: 1px solid #d21c1e\">\n<tbody>\n<tr>\n<td style=\"width: 30%;background-color: #d21c1e;color: white;font-size: 22px;text-align: center\">EN DIFF\u00c9R\u00c9<\/td>\n<td style=\"width: 70%;background-color: white;color: #d21c1e;text-align: center\"><a style=\"color: #d21c1e;text-decoration: none;font-size: 22px\" href=\"https:\/\/uqac.ca.panopto.com\/Panopto\/Pages\/Viewer.aspx?id=849cfb47-9c7d-4f05-a88a-ade5001a48d5\" target=\"_blank\">LIEN VERS LA CONF\u00c9RENCE<\/a><\/td>\n<\/tr>\n<\/tbody>\n<\/table>\n<h5 style=\"color: #d21c1e;margin-top: -5px\">Panel en lien avec cet atelier : 26 novembre de 11h30 \u00e0 13h30<\/h5>\n<table style=\"border: 1px solid #121010\">\n<tbody>\n<tr>\n<td style=\"width: 30%;background-color: #121010;color: white;font-size: 22px;text-align: center\">REDIFFUSION<\/td>\n<td style=\"width: 70%;background-color: white;color: #121010;text-align: center\"><a style=\"color: #121010;text-decoration: none;font-size: 22px\" href=\"https:\/\/uqac.ca.panopto.com\/Panopto\/Pages\/Viewer.aspx?id=19b8ab25-9508-4198-86ab-adec017c1493\" target=\"_blank\">LIEN VERS LA REDIFFUSION<\/a><\/td>\n<\/tr>\n<\/tbody>\n<\/table>\n<hr style=\"margin:0\" \/>\n<h5 style=\"margin-bottom: 0;margin-top:24px\">Animateur<\/h5>\n<ul>\n<li>Edmond Michaud<\/li>\n<\/ul>\n<h5 style=\"margin-bottom: 5px\">Conf\u00e9renci\u00e8re<\/h5>\n<table style=\"border:1px solid #d21c1e\">\n<tr>\n<td style=\"vertical-align:middle;background-color:#d21c1e;color:white;border:1px solid #d21c1e\">\n<h6 style=\"margin:0\">Lisa Ellington<\/h6>\n<\/td>\n<\/tr>\n<tr>\n<td>\n<div style=\"float: right;margin-left:10px;margin-top:10px\"><img loading=\"lazy\" decoding=\"async\" src=\"https:\/\/colloques.uqac.ca\/sbehg\/files\/2021\/10\/Lisa-Ellington-HR_Photo-professionnelle-150x150.jpg\" alt=\"Portrait photo : Lisa Ellington\" width=\"150\" height=\"150\" class=\"alignnone size-thumbnail wp-image-501\" \/><\/div>\n<p style=\"text-align: justify;margin:3px\">Lisa Ellington est candidate au doctorat en travail social \u00e0 l\u2019Universit\u00e9 Laval. Elle d\u00e9tient un certificat en criminologie, un baccalaur\u00e9at en psychologie et une ma\u00eetrise en service social. Son m\u00e9moire de ma\u00eetrise portait sur l\u2019exp\u00e9rience des hommes autochtones ayant v\u00e9cu des incidents de violence conjugale et familiale au Qu\u00e9bec. Elle enseigne comme charg\u00e9e de cours \u00e0 l\u2019UQAC au certificat en intervention et en pr\u00e9vention des d\u00e9pendances chez les jeunes des Premi\u00e8res Nations depuis 2017. Ses int\u00e9r\u00eats de recherche actuels portent sur les processus de gu\u00e9rison des d\u00e9tenus autochtones ayant s\u00e9journ\u00e9 dans un pavillon de ressourcement (healing lodge) au Canada. Enfin, elle a \u0153uvr\u00e9 comme conseill\u00e8re en protection de la jeunesse pour une organisation r\u00e9gionale autochtone pendant 6 ans et elle travaille actuellement comme professionnelle de recherche \u00e0 la Commission d\u2019enqu\u00eate sur les relations entre les Autochtones et certains services publics (CERP), pour le secteur de la protection de la jeunesse.<\/p>\n<\/td>\n<\/tr>\n<tr>\n<td style=\"vertical-align:middle;background-color:#d21c1e;color:white;border:1px solid #d21c1e;text-align:center\">\n<p style=\"margin:0\">Conf\u00e9rence<\/p>\n<h6 style=\"margin:0\">D\u00e9marches de gu\u00e9rison d&rsquo;hommes autochtones judiciaris\u00e9s de retour en collectivit\u00e9 : \u00e9l\u00e9ments facilitateurs, besoins, et pistes pour l&rsquo;avenir<\/h6>\n<\/td>\n<\/tr>\n<tr>\n<td>\n<p style=\"text-align: justify;margin:3px;line-height: normal\">Les hommes autochtones sont surrepr\u00e9sent\u00e9s au sein des services correctionnels canadiens et cette situation tend \u00e0 se d\u00e9grader au fil du temps. Malgr\u00e9 ce constat, la litt\u00e9rature fait \u00e9tat de l\u2019inefficacit\u00e9 des mesures coercitives, puisqu\u2019elles sont bas\u00e9es sur une vision allochtone de la justice et de la criminalit\u00e9. De plus, tr\u00e8s peu de recherches s\u2019attardent aux programmes sp\u00e9cifiques destin\u00e9s aux Autochtones en contexte correctionnel, comme les pavillons de ressourcement (<em>Healing Lodges<\/em>), et encore moins s\u2019int\u00e9ressent \u00e0 l\u2019exp\u00e9rience des principaux acteurs concern\u00e9s, soit les hommes autochtones eux-m\u00eames. Cette pr\u00e9sentation vise \u00e0 rendre compte des d\u00e9marches de gu\u00e9rison d\u2019hommes autochtones (surtout innus et atikamekw) qui ont s\u00e9journ\u00e9 au sein de l\u2019un de ces pavillons et qui sont de retour en collectivit\u00e9. Elle mettra particuli\u00e8rement l\u2019accent sur les \u00e9l\u00e9ments qui ont facilit\u00e9 leurs parcours, sur les besoins exprim\u00e9s par les hommes et sur des pistes de r\u00e9flexion pour y r\u00e9pondre.<\/p>\n<\/td>\n<\/tr>\n<\/table>\n<h5 style=\"margin-bottom: 5px\">\u00c9chos de la pratique avec trois intervenant\u00b7es<\/h5>\n<ul>\n<li>Joyce Gr\u00e9goire, Charg\u00e9e de projet au Centre d\u2019amiti\u00e9 autochtone de Sept-\u00celes<\/li>\n<li>Amanda Canap\u00e9, \u00e9tudiante en travail social, UQAC<\/li>\n<li>Bradley Jacob, R\u00e9seau Hommes Autochtones Qu\u00e9bec (RHAQ)<\/li>\n<\/ul>\n<h5 style=\"margin-bottom: 5px\">Communication Libre<\/h5>\n<table style=\"border:1px solid #d21c1e\">\n<tr>\n<td style=\"vertical-align:middle;background-color:#d21c1e;color:white;border:1px solid #d21c1e\">\n<h6 style=\"margin:0\">Oscar Labra<\/h6>\n<\/td>\n<\/tr>\n<tr>\n<td>\n<div style=\"float: right;margin-left:10px;margin-top:10px\"><img loading=\"lazy\" decoding=\"async\" src=\"https:\/\/colloques.uqac.ca\/sbehg\/files\/2021\/10\/Oscar-Labra-150x150.jpg\" alt=\"Oscar Labra\" width=\"150\" height=\"150\" class=\"alignnone size-thumbnail wp-image-502\" \/><\/div>\n<p style=\"text-align: justify;margin:3px\">Oscar Labra est professeur \u00e0 l&rsquo;Unit\u00e9 d&rsquo;enseignement et de recherche en d\u00e9veloppement humain et social de l&rsquo;Universit\u00e9 du Qu\u00e9bec en Abitibi-T\u00e9miscamingue. Il occupe \u00e9galement les fonctions de directeur du module de travail social. Il enseigne des cours portant sur la dynamique du d\u00e9veloppement des groupes, sur l&rsquo;intervention avec des groupes et sur la m\u00e9thodologie de la recherche. Ses travaux portent sur le VIH-sida, la sant\u00e9 des hommes, la demande d\u2019aide et les r\u00e9alit\u00e9s autochtones. Il r\u00e9alise actuellement une \u00e9tude portant sur les facteurs facilitant la demande d\u2019aide des hommes autochtone en r\u00e9gion \u00e9loign\u00e9 Il est co-auteur d\u2019un livre paru aux Presses de l\u2019Universit\u00e9 du Qu\u00e9bec en 2021 intitul\u00e9 <em>L&rsquo;intervention en petits groupes dans le domaine du travail social<\/em>.<\/p>\n<\/td>\n<\/tr>\n<tr>\n<td style=\"vertical-align:middle;background-color:#d21c1e;color:white;border:1px solid #d21c1e\">\n<h6 style=\"margin:0\">H\u00e9l\u00e8ne Pourcelot<\/h6>\n<\/td>\n<\/tr>\n<tr>\n<td>\n<div style=\"float: right;margin-left:10px;margin-top:10px\"><img loading=\"lazy\" decoding=\"async\" src=\"https:\/\/colloques.uqac.ca\/sbehg\/files\/2021\/10\/Helene_Pourcelot.png\" alt=\"Helene_Pourcelot\" width=\"150\" height=\"150\" class=\"aligncenter size-full wp-image-992\" \/><\/div>\n<p style=\"text-align: justify;margin:3px\">H\u00e9l\u00e8ne Pourcelot est titulaire d\u2019un baccalaur\u00e9at en travail social et \u00e9tudiante boursi\u00e8re (FRQSC-CRSH) \u00e0 la maitrise sur mesure en sant\u00e9 autochtone \u00e0 l\u2019Universit\u00e9 du Qu\u00e9bec en Abitibi-T\u00e9miscamingue. Son projet de maitrise, r\u00e9alis\u00e9 en collaboration avec trois communaut\u00e9s autochtones situ\u00e9es en Abitibi-T\u00e9miscamingue, porte sur les facteurs facilitant l\u2019acc\u00e8s et le recours des hommes autochtones aux services socio-sanitaires.  Elle est aussi auxiliaire d\u2019enseignement dans un projet novateur d\u2019enseignement de l\u2019intervention de groupe, qui propose aux \u00e9tudiants d\u2019acqu\u00e9rir des connaissances sur la culture autochtone et les savoirs holistiques par une exp\u00e9rience immersive en milieu autochtone. Elle a aussi \u00e9t\u00e9 assistante de recherche dans le projet \u00ab Facteurs familiaux entourant le ph\u00e9nom\u00e8ne de l&rsquo;itin\u00e9rance autochtone \u00bb (FRQSC \u2013 Recherche au 1er cycle).<\/p>\n<\/td>\n<\/tr>\n<tr>\n<td style=\"vertical-align:middle;background-color:#d21c1e;color:white;border:1px solid #d21c1e;text-align:center\">\n<p style=\"margin:0\">Conf\u00e9rence<\/p>\n<h6 style=\"margin:0\">Am\u00e9liorer l&rsquo;acc\u00e8s aux services sociosanitaires des hommes autochtones<\/h6>\n<\/td>\n<\/tr>\n<tr>\n<td>\n<p style=\"text-align: justify;line-height: normal;margin:3px\">Le professeur \u00e0 l&rsquo;UER en sciences du d\u00e9veloppement humain et social ainsi que directeur du module en travail social \u00e0 l&rsquo;UQAT, Oscar Labra, veut pallier le manque criant de connaissances quant aux facteurs qui ont un impact sur la sant\u00e9 des Autochtones, tout particuli\u00e8rement chez ceux habitant en r\u00e9gion \u00e9loign\u00e9e. Plus pr\u00e9cis\u00e9ment, il veut comprendre pourquoi les hommes autochtones utilisent aussi peu les services sociosanitaires, puisque la probl\u00e9matique touche davantage les hommes que les femmes. Afin d&rsquo;identifier des facteurs qui pourront faciliter l&rsquo;acc\u00e8s \u00e0 ce type de services, le professeur Labra se penchera au cours de sa pr\u00e9sentation sur la situation dans trois communaut\u00e9s situ\u00e9es en Abitibi-T\u00e9miscamingue, soit le Lac-Simon, Pikogan et Kitcisakik.<\/p>\n<\/td>\n<\/tr>\n<\/table>\n<p style=\"text-align: center\"><a title=\"Atelier \u2013 Diversit\u00e9 sexuelle et de genre\" href=\"https:\/\/colloques.uqac.ca\/sbehg\/atelier-diversite\/\">Atelier pr\u00e9c\u00e9dent<\/a><\/p>\n","protected":false},"excerpt":{"rendered":"<p>Mise en ligne du webinaire : 18 novembre EN DIFF\u00c9R\u00c9 LIEN VERS LA CONF\u00c9RENCE Panel en lien avec cet atelier : 26 novembre de 11h30 \u00e0 13h30 REDIFFUSION LIEN VERS LA REDIFFUSION Animateur Edmond Michaud Conf\u00e9renci\u00e8re Lisa Ellington Lisa Ellington est candidate au doctorat en travail social \u00e0 l\u2019Universit\u00e9 Laval. Elle d\u00e9tient un certificat en &hellip; <a href=\"https:\/\/colloques.uqac.ca\/sbehg\/atelier-hommes-autochtones\/\" class=\"more-link\">Continuer la lecture de <span class=\"screen-reader-text\">Atelier 7 &#8211; Hommes et gar\u00e7ons autochtones<\/span>  <span class=\"meta-nav\">&rarr;<\/span><\/a><\/p>\n","protected":false},"author":63,"featured_media":0,"parent":0,"menu_order":0,"comment_status":"closed","ping_status":"closed","template":"","meta":{"footnotes":""},"_links":{"self":[{"href":"https:\/\/colloques.uqac.ca\/sbehg\/wp-json\/wp\/v2\/pages\/108"}],"collection":[{"href":"https:\/\/colloques.uqac.ca\/sbehg\/wp-json\/wp\/v2\/pages"}],"about":[{"href":"https:\/\/colloques.uqac.ca\/sbehg\/wp-json\/wp\/v2\/types\/page"}],"author":[{"embeddable":true,"href":"https:\/\/colloques.uqac.ca\/sbehg\/wp-json\/wp\/v2\/users\/63"}],"replies":[{"embeddable":true,"href":"https:\/\/colloques.uqac.ca\/sbehg\/wp-json\/wp\/v2\/comments?post=108"}],"version-history":[{"count":17,"href":"https:\/\/colloques.uqac.ca\/sbehg\/wp-json\/wp\/v2\/pages\/108\/revisions"}],"predecessor-version":[{"id":1100,"href":"https:\/\/colloques.uqac.ca\/sbehg\/wp-json\/wp\/v2\/pages\/108\/revisions\/1100"}],"wp:attachment":[{"href":"https:\/\/colloques.uqac.ca\/sbehg\/wp-json\/wp\/v2\/media?parent=108"}],"curies":[{"name":"wp","href":"https:\/\/api.w.org\/{rel}","templated":true}]}}

Atelier 7 &#8211; Hommes et garçons autochtones

<h5 style="color: #d21c1e">Mise en ligne du webinaire : 18 novembre</h5>
<table style="border: 1px solid #d21c1e">
<tbody>
<tr>
<td style="width: 30%;background-color: #d21c1e;color: white;font-size: 22px;text-align: center">EN DIFFÉRÉ</td>
<td style="width: 70%;background-color: white;color: #d21c1e;text-align: center"><a style="color: #d21c1e;text-decoration: none;font-size: 22px" href="https://uqac.ca.panopto.com/Panopto/Pages/Viewer.aspx?id=849cfb47-9c7d-4f05-a88a-ade5001a48d5" target="_blank">LIEN VERS LA CONFÉRENCE</a></td>
</tr>
</tbody>
</table>
<h5 style="color: #d21c1e;margin-top: -5px">Panel en lien avec cet atelier : 26 novembre de 11h30 à 13h30</h5>
<table style="border: 1px solid #121010">
<tbody>
<tr>
<td style="width: 30%;background-color: #121010;color: white;font-size: 22px;text-align: center">REDIFFUSION</td>
<td style="width: 70%;background-color: white;color: #121010;text-align: center"><a style="color: #121010;text-decoration: none;font-size: 22px" href="https://uqac.ca.panopto.com/Panopto/Pages/Viewer.aspx?id=19b8ab25-9508-4198-86ab-adec017c1493" target="_blank">LIEN VERS LA REDIFFUSION</a></td>
</tr>
</tbody>
</table>
<hr style="margin:0" />
<h5 style="margin-bottom: 0;margin-top:24px">Animateur</h5>
<ul>
<li>Edmond Michaud</li>
</ul>
<h5 style="margin-bottom: 5px">Conférencière</h5>
<table style="border:1px solid #d21c1e">
<tr>
<td style="vertical-align:middle;background-color:#d21c1e;color:white;border:1px solid #d21c1e">
<h6 style="margin:0">Lisa Ellington</h6>
</td>
</tr>
<tr>
<td>
<div style="float: right;margin-left:10px;margin-top:10px"><img loading="lazy" decoding="async" src="https://colloques.uqac.ca/sbehg/files/2021/10/Lisa-Ellington-HR_Photo-professionnelle-150x150.jpg" alt="Portrait photo : Lisa Ellington" width="150" height="150" class="alignnone size-thumbnail wp-image-501" /></div>
<p style="text-align: justify;margin:3px">Lisa Ellington est candidate au doctorat en travail social à l’Université Laval. Elle détient un certificat en criminologie, un baccalauréat en psychologie et une maîtrise en service social. Son mémoire de maîtrise portait sur l’expérience des hommes autochtones ayant vécu des incidents de violence conjugale et familiale au Québec. Elle enseigne comme chargée de cours à l’UQAC au certificat en intervention et en prévention des dépendances chez les jeunes des Premières Nations depuis 2017. Ses intérêts de recherche actuels portent sur les processus de guérison des détenus autochtones ayant séjourné dans un pavillon de ressourcement (healing lodge) au Canada. Enfin, elle a œuvré comme conseillère en protection de la jeunesse pour une organisation régionale autochtone pendant 6 ans et elle travaille actuellement comme professionnelle de recherche à la Commission d’enquête sur les relations entre les Autochtones et certains services publics (CERP), pour le secteur de la protection de la jeunesse.</p>
</td>
</tr>
<tr>
<td style="vertical-align:middle;background-color:#d21c1e;color:white;border:1px solid #d21c1e;text-align:center">
<p style="margin:0">Conférence</p>
<h6 style="margin:0">Démarches de guérison d&rsquo;hommes autochtones judiciarisés de retour en collectivité : éléments facilitateurs, besoins, et pistes pour l&rsquo;avenir</h6>
</td>
</tr>
<tr>
<td>
<p style="text-align: justify;margin:3px;line-height: normal">Les hommes autochtones sont surreprésentés au sein des services correctionnels canadiens et cette situation tend à se dégrader au fil du temps. Malgré ce constat, la littérature fait état de l’inefficacité des mesures coercitives, puisqu’elles sont basées sur une vision allochtone de la justice et de la criminalité. De plus, très peu de recherches s’attardent aux programmes spécifiques destinés aux Autochtones en contexte correctionnel, comme les pavillons de ressourcement (<em>Healing Lodges</em>), et encore moins s’intéressent à l’expérience des principaux acteurs concernés, soit les hommes autochtones eux-mêmes. Cette présentation vise à rendre compte des démarches de guérison d’hommes autochtones (surtout innus et atikamekw) qui ont séjourné au sein de l’un de ces pavillons et qui sont de retour en collectivité. Elle mettra particulièrement l’accent sur les éléments qui ont facilité leurs parcours, sur les besoins exprimés par les hommes et sur des pistes de réflexion pour y répondre.</p>
</td>
</tr>
</table>
<h5 style="margin-bottom: 5px">Échos de la pratique avec trois intervenant·es</h5>
<ul>
<li>Joyce Grégoire, Chargée de projet au Centre d’amitié autochtone de Sept-Îles</li>
<li>Amanda Canapé, étudiante en travail social, UQAC</li>
<li>Bradley Jacob, Réseau Hommes Autochtones Québec (RHAQ)</li>
</ul>
<h5 style="margin-bottom: 5px">Communication Libre</h5>
<table style="border:1px solid #d21c1e">
<tr>
<td style="vertical-align:middle;background-color:#d21c1e;color:white;border:1px solid #d21c1e">
<h6 style="margin:0">Oscar Labra</h6>
</td>
</tr>
<tr>
<td>
<div style="float: right;margin-left:10px;margin-top:10px"><img loading="lazy" decoding="async" src="https://colloques.uqac.ca/sbehg/files/2021/10/Oscar-Labra-150x150.jpg" alt="Oscar Labra" width="150" height="150" class="alignnone size-thumbnail wp-image-502" /></div>
<p style="text-align: justify;margin:3px">Oscar Labra est professeur à l&rsquo;Unité d&rsquo;enseignement et de recherche en développement humain et social de l&rsquo;Université du Québec en Abitibi-Témiscamingue. Il occupe également les fonctions de directeur du module de travail social. Il enseigne des cours portant sur la dynamique du développement des groupes, sur l&rsquo;intervention avec des groupes et sur la méthodologie de la recherche. Ses travaux portent sur le VIH-sida, la santé des hommes, la demande d’aide et les réalités autochtones. Il réalise actuellement une étude portant sur les facteurs facilitant la demande d’aide des hommes autochtone en région éloigné Il est co-auteur d’un livre paru aux Presses de l’Université du Québec en 2021 intitulé <em>L&rsquo;intervention en petits groupes dans le domaine du travail social</em>.</p>
</td>
</tr>
<tr>
<td style="vertical-align:middle;background-color:#d21c1e;color:white;border:1px solid #d21c1e">
<h6 style="margin:0">Hélène Pourcelot</h6>
</td>
</tr>
<tr>
<td>
<div style="float: right;margin-left:10px;margin-top:10px"><img loading="lazy" decoding="async" src="https://colloques.uqac.ca/sbehg/files/2021/10/Helene_Pourcelot.png" alt="Helene_Pourcelot" width="150" height="150" class="aligncenter size-full wp-image-992" /></div>
<p style="text-align: justify;margin:3px">Hélène Pourcelot est titulaire d’un baccalauréat en travail social et étudiante boursière (FRQSC-CRSH) à la maitrise sur mesure en santé autochtone à l’Université du Québec en Abitibi-Témiscamingue. Son projet de maitrise, réalisé en collaboration avec trois communautés autochtones situées en Abitibi-Témiscamingue, porte sur les facteurs facilitant l’accès et le recours des hommes autochtones aux services socio-sanitaires.  Elle est aussi auxiliaire d’enseignement dans un projet novateur d’enseignement de l’intervention de groupe, qui propose aux étudiants d’acquérir des connaissances sur la culture autochtone et les savoirs holistiques par une expérience immersive en milieu autochtone. Elle a aussi été assistante de recherche dans le projet « Facteurs familiaux entourant le phénomène de l&rsquo;itinérance autochtone » (FRQSC – Recherche au 1er cycle).</p>
</td>
</tr>
<tr>
<td style="vertical-align:middle;background-color:#d21c1e;color:white;border:1px solid #d21c1e;text-align:center">
<p style="margin:0">Conférence</p>
<h6 style="margin:0">Améliorer l&rsquo;accès aux services sociosanitaires des hommes autochtones</h6>
</td>
</tr>
<tr>
<td>
<p style="text-align: justify;line-height: normal;margin:3px">Le professeur à l&rsquo;UER en sciences du développement humain et social ainsi que directeur du module en travail social à l&rsquo;UQAT, Oscar Labra, veut pallier le manque criant de connaissances quant aux facteurs qui ont un impact sur la santé des Autochtones, tout particulièrement chez ceux habitant en région éloignée. Plus précisément, il veut comprendre pourquoi les hommes autochtones utilisent aussi peu les services sociosanitaires, puisque la problématique touche davantage les hommes que les femmes. Afin d&rsquo;identifier des facteurs qui pourront faciliter l&rsquo;accès à ce type de services, le professeur Labra se penchera au cours de sa présentation sur la situation dans trois communautés situées en Abitibi-Témiscamingue, soit le Lac-Simon, Pikogan et Kitcisakik.</p>
</td>
</tr>
</table>
<p style="text-align: center"><a title="Atelier – Diversité sexuelle et de genre" href="https://colloques.uqac.ca/sbehg/atelier-diversite/">Atelier précédent</a></p>

<p>Mise en ligne du webinaire : 18 novembre EN DIFFÉRÉ LIEN VERS LA CONFÉRENCE Panel en lien avec cet atelier : 26 novembre de 11h30 à 13h30 REDIFFUSION LIEN VERS LA REDIFFUSION Animateur Edmond Michaud Conférencière Lisa Ellington Lisa Ellington est candidate au doctorat en travail social à l’Université Laval. Elle détient un certificat en &hellip; <a href="https://colloques.uqac.ca/sbehg/atelier-hommes-autochtones/" class="more-link">Continuer la lecture de <span class="screen-reader-text">Atelier 7 &#8211; Hommes et garçons autochtones</span>  <span class="meta-nav">&rarr;</span></a></p>
