{"id":9,"date":"2013-09-10T18:41:41","date_gmt":"2013-09-10T23:41:41","guid":{"rendered":"http:\/\/colloques.uqac.ca\/modelecolloque\/?page_id=9"},"modified":"2023-10-18T13:57:17","modified_gmt":"2023-10-18T18:57:17","slug":"programme","status":"publish","type":"page","link":"https:\/\/colloques.uqac.ca\/libobs\/programme\/","title":{"rendered":"Programme"},"content":{"rendered":"<h4><span style=\"color: #6b8915\">Mercredi 18 octobre 2023<\/span><\/h4>\n<p>18h<br \/>\n<strong>Mot de bienvenue et conf\u00e9rence d\u2019ouverture &#8211; <b><i>sur invitation seulement <\/i><\/b><\/strong><\/p>\n<p><i>Butler\u202f et \u202fWhatcott:\u202f R\u00e9flexions sur deux d\u00e9cisions de la Cour Supr\u00eame du Canada en mati\u00e8re de libert\u00e9 d&rsquo;expression<\/i><\/p>\n<ul>\n<li>Daniel Weinstock, Universit\u00e9 McGill<\/li>\n<\/ul>\n<h4><span style=\"color: #6b8915\">Jeudi 19 octobre 2023<br \/>\n<\/span>La r\u00e9gulation de la libert\u00e9 d\u2019expression en question<\/h4>\n<p>Salle P0-5000 (UQAC)<\/p>\n<p>8 h 30 \u00e0 10 h 15\u00a0 &#8211;\u00a0 Atelier 1<br \/>\n<strong>Croyances, science et d\u00e9lib\u00e9ration d\u00e9mocratique<\/strong><\/p>\n<p><em>Libert\u00e9 de recherche et de publication\u00a0: confusions conceptuelles et nouvelles contraintes<\/em><\/p>\n<ul>\n<li>Yves Gingras, UQ\u00c0M<\/li>\n<\/ul>\n<p><i>La libert\u00e9 d&rsquo;expression et les exigences \u00e9pist\u00e9miques de la <\/i> <i>d\u00e9lib\u00e9ration d\u00e9mocratique<\/i><\/p>\n<ul>\n<li>Charles Girard, Universit\u00e9 Jean Moulin Lyon 3<\/li>\n<\/ul>\n<p><i>Libert\u00e9s, sciences et politique en contexte de Covid-19: points <\/i> <i>de vue citoyens<\/i><\/p>\n<ul>\n<li style=\"text-align: left\">St\u00e9phanie Tremblay et Mathieu Colin, UQ\u00c0M<\/li>\n<\/ul>\n<p>10 h 15 \u00e0 10 h 30<br \/>\n<strong>Pause<\/strong><\/p>\n<p>10 h 30 \u00e0 12 h 15\u00a0 &#8211;\u00a0\u00a0Atelier\u00a02<br \/>\n<strong>Le num\u00e9rique et la transformation de l\u2019espace public<\/strong><\/p>\n<p><i>Libert\u00e9 d\u2019expression, puissances num\u00e9riques et d\u00e9mocratie\u202f<\/i><\/p>\n<ul>\n<li>Alain Saulnier<b>, <\/b>Universit\u00e9 de Montr\u00e9al<\/li>\n<\/ul>\n<p><i>Prot\u00e9ger l\u2019activit\u00e9 expressive et la libert\u00e9 d\u2019attention<\/i><\/p>\n<ul>\n<li style=\"text-align: left\">Pierre Trudel, Universit\u00e9 de Montr\u00e9al<\/li>\n<\/ul>\n<p>12 h 15 \u00e0 13 h 30<br \/>\n<strong>D\u00eener<\/strong><\/p>\n<p>13 h 30 \u00e0 15 h 15\u00a0 &#8211;\u00a0\u00a0Atelier\u00a03<br \/>\n<strong>La sp\u00e9cificit\u00e9 artistique et litt\u00e9raire<\/strong><\/p>\n<p><i>Quel recours face \u00e0 la stigmatisation?<\/i><\/p>\n<ul>\n<li>Gis\u00e8le Sapiro, CNRS<\/li>\n<\/ul>\n<p><i>La libert\u00e9 de cr\u00e9ation artistique et litt\u00e9raire\u202f: une question in\u00e9vitablement pol\u00e9mique\u202f?<\/i><\/p>\n<ul>\n<li>Anna Arzoumanov, Universit\u00e9 Paris-Sorbonne<\/li>\n<\/ul>\n<p><i>Les pornopolitiques de Piotr Pavlenski<\/i><\/p>\n<ul>\n<li style=\"text-align: left\">Micha\u00ebl La Chance, UQAC<\/li>\n<\/ul>\n<p>15 h 30 \u00e0 17 h 15\u00a0 &#8211;\u00a0\u00a0Atelier\u00a04<br \/>\nI<strong>nstrumentalisation de la libert\u00e9 d\u2019expression et polarisation<\/strong><\/p>\n<p><i>Calmer le jeu\u202f: de l\u2019urgence de clarifier les niveaux de la libert\u00e9 d\u2019expression\u202f<\/i><\/p>\n<ul>\n<li>Louis-Philippe Lampron, Universit\u00e9 Laval<\/li>\n<\/ul>\n<p><i>S\u00e9curitisation de l&rsquo;immigration et instrumentalisation de la libert\u00e9 d&rsquo;expression sous l&rsquo;administration Trump\u202f<\/i><\/p>\n<ul>\n<li>\u00c9lisabeth Vallet, Coll\u00e8ge militaire royal de Saint-Jean<\/li>\n<\/ul>\n<p><i>Critiquer la libert\u00e9 d\u2019expression au nom du droit \u00e0 la parole. R\u00e9flexions autour du f\u00e9minisme antipornographie\u202f<\/i><\/p>\n<ul>\n<li style=\"text-align: left\">Denis Ramond, Universit\u00e9 Gustave-Eiffel<\/li>\n<\/ul>\n<h4><span style=\"color: #6b8915\">Vendredi 20 octobre 2023<br \/>\n<\/span>Libert\u00e9 d\u2019expression et droits sociaux<\/h4>\n<p>8 h 15 \u00e0 9 h 45\u00a0 &#8211;\u00a0\u00a0Atelier 1 (Table-ronde)<br \/>\n<strong>L&rsquo;institution judiciaire comme nouvel espace public<br \/>\n<\/strong><\/p>\n<ul>\n<li style=\"text-align: left\">Marc Bishai, Centre qu\u00e9b\u00e9cois du droit de l\u2019environnement<\/li>\n<\/ul>\n<ul>\n<li style=\"text-align: left\">Rachel Chagnon, UQ\u00c0M<\/li>\n<\/ul>\n<ul>\n<li style=\"text-align: left\">Pierre Trudel, Universit\u00e9 de Montr\u00e9al<\/li>\n<\/ul>\n<p>9 h 45 \u00e0 10 h\u00a0 15<br \/>\n<strong>Pause<\/strong><\/p>\n<p>10 h 15 \u00e0 12 h &#8211; Atelier\u00a02<br \/>\n<strong>Les jeunes et la libert\u00e9 d\u2019expression<\/strong><\/p>\n<p><i>M\u00e9dias et minorit\u00e9s\u202f: comment ouvrir le dialogue pour r\u00e9tablir la confiance?\u202f<\/i><\/p>\n<ul>\n<li>Marie-\u00c8ve Carignan, Universit\u00e9 de Sherbrooke<\/li>\n<\/ul>\n<p><i>Les Illuminati, c\u2019est un code pour dire\u202f\u00ab\u202ftous ceux qui mentent\u202f\u00bb. <\/i><i>Ethnographier le complotisme dans les technocultures juv\u00e9niles aupr\u00e8s d\u2019\u00e9l\u00e8ves adolescent.e.s (15 \u2013 18 ans)<\/i><\/p>\n<ul>\n<li>Sybille Rouiller, Haute \u00c9cole P\u00e9dagogique du canton de Vaud<\/li>\n<\/ul>\n<p><i>Les adolescent.es et les pratiques num\u00e9riques\u202f: les nouveaux espaces expressifs des jeunes\u202f<\/i><\/p>\n<ul>\n<li style=\"text-align: left\">Nina Duque, UQ\u00c0M<\/li>\n<\/ul>\n<p>12 h 15 \u00e0 13 h 30<br \/>\n<strong>D\u00eener<\/strong><\/p>\n<p>13 h 30 \u00e0 15 h 15 &#8211; Atelier 3<br \/>\n<strong>Pluralisme, neutralit\u00e9 et pouvoir<\/strong><\/p>\n<p><i>Les g\u00e9om\u00e9tries variables de la doctrine du \u2018heckler\u2019s veto\u2019 dans la jurisprudence des deux cours europ\u00e9ennes<\/i><\/p>\n<ul>\n<li>S\u00e9bastien Van Drooghenbroeck, Universit\u00e9 Saint-Louis<\/li>\n<\/ul>\n<p><i>Freedom of expression and communication interaction\u202f<\/i><\/p>\n<ul>\n<li style=\"text-align: left\">Richard Moon, Universit\u00e9 de Windsor<b><i>\u00a0<\/i><\/b><\/li>\n<\/ul>\n<p><em>La libert\u00e9 d\u2019exprimer des convictions religieuses au Qu\u00e9bec\u00a0: quelle place pour le f\u00e9d\u00e9ralisme des droits\u00a0?<\/em><\/p>\n<ul>\n<li>Patrick Taillon, Universit\u00e9 Laval<\/li>\n<\/ul>\n<p>15 h 30 \u00e0 17 h 15 &#8211; Atelier 4<br \/>\n<strong>In\u00e9galit\u00e9s sociales et capacit\u00e9s expressives<\/strong><\/p>\n<p><i>La libert\u00e9 d\u2019expression des personnes \u00e2g\u00e9es, entre capacit\u00e9s et in\u00e9galit\u00e9s\u202f<\/i><\/p>\n<ul>\n<li style=\"text-align: left\">Christian Nadeau, Universit\u00e9 de Montr\u00e9al<\/li>\n<\/ul>\n<p><i><\/i><em>Le d\u00e9bat sur le mot en N\u00a0: concurrence des discours sur les libert\u00e9s acad\u00e9mique et d\u2019expression<\/em><\/p>\n<ul>\n<li>Maryse Potvin, UQ\u00c0M<\/li>\n<\/ul>\n<p>&nbsp;<\/p>\n<p>T\u00e9l\u00e9chargez notre <strong>programme d\u00e9taill\u00e9<\/strong> en <a href=\"https:\/\/colloques.uqac.ca\/libobs\/files\/2023\/10\/Programme_symposium_liberte_expression.pdf\">version .PDF<\/a><\/p>\n<p>&nbsp;<\/p>\n<p><em>\u00c0 noter qu&rsquo;une traduction simultan\u00e9e fran\u00e7ais &lt;-&gt; anglais sera disponible<br \/>\n<\/em><\/p>\n","protected":false},"excerpt":{"rendered":"<p>Mercredi 18 octobre 2023 18h Mot de bienvenue et conf\u00e9rence d\u2019ouverture &#8211; sur invitation seulement Butler\u202f et \u202fWhatcott:\u202f R\u00e9flexions sur deux d\u00e9cisions de la Cour Supr\u00eame du Canada en mati\u00e8re de libert\u00e9 d&rsquo;expression Daniel Weinstock, Universit\u00e9 McGill Jeudi 19 octobre 2023 La r\u00e9gulation de la libert\u00e9 d\u2019expression en question Salle P0-5000 (UQAC) 8 h 30 &hellip; <a href=\"https:\/\/colloques.uqac.ca\/libobs\/programme\/\" class=\"more-link\">Continuer la lecture de <span class=\"screen-reader-text\">Programme<\/span>  <span class=\"meta-nav\">&rarr;<\/span><\/a><\/p>\n","protected":false},"author":5,"featured_media":0,"parent":0,"menu_order":0,"comment_status":"closed","ping_status":"closed","template":"","meta":{"footnotes":""},"_links":{"self":[{"href":"https:\/\/colloques.uqac.ca\/libobs\/wp-json\/wp\/v2\/pages\/9"}],"collection":[{"href":"https:\/\/colloques.uqac.ca\/libobs\/wp-json\/wp\/v2\/pages"}],"about":[{"href":"https:\/\/colloques.uqac.ca\/libobs\/wp-json\/wp\/v2\/types\/page"}],"author":[{"embeddable":true,"href":"https:\/\/colloques.uqac.ca\/libobs\/wp-json\/wp\/v2\/users\/5"}],"replies":[{"embeddable":true,"href":"https:\/\/colloques.uqac.ca\/libobs\/wp-json\/wp\/v2\/comments?post=9"}],"version-history":[{"count":64,"href":"https:\/\/colloques.uqac.ca\/libobs\/wp-json\/wp\/v2\/pages\/9\/revisions"}],"predecessor-version":[{"id":246,"href":"https:\/\/colloques.uqac.ca\/libobs\/wp-json\/wp\/v2\/pages\/9\/revisions\/246"}],"wp:attachment":[{"href":"https:\/\/colloques.uqac.ca\/libobs\/wp-json\/wp\/v2\/media?parent=9"}],"curies":[{"name":"wp","href":"https:\/\/api.w.org\/{rel}","templated":true}]}}