{"id":184,"date":"2023-08-07T07:21:05","date_gmt":"2023-08-07T12:21:05","guid":{"rendered":"http:\/\/colloques.uqac.ca\/libobs\/?page_id=184"},"modified":"2023-08-08T06:58:36","modified_gmt":"2023-08-08T11:58:36","slug":"panelistes","status":"publish","type":"page","link":"https:\/\/colloques.uqac.ca\/libobs\/panelistes\/","title":{"rendered":"Pan\u00e9listes"},"content":{"rendered":"<ul>\n<li><strong>Anna Arzoumanov<\/strong><\/li>\n<\/ul>\n<p>Anna Arzoumanov est ma\u00eetresse de conf\u00e9rences en linguistique et en litt\u00e9rature fran\u00e7aise \u00e0 l\u2019Universit\u00e9 Paris-Sorbonne, membre du Laboratoire de recherche \u00ab\u00a0L\u2019art en proc\u00e8s\u00a0\u00bb et responsable scientifique du projet de recherche LIBEX de l\u2019Agence nationale de la recherche fran\u00e7aise portant sur l\u2019\u00e9tude interdisciplinaire de la libert\u00e9 de conscience, libert\u00e9 d\u2019expression et libert\u00e9 de cr\u00e9ation. Ses recherches s\u2019inscrivent \u00e0 l\u2019intersection de l\u2019analyse du discours, de la sociologie de l\u2019art et du droit. D\u2019abord centr\u00e9es sur la question des lectures \u00e0 clefs sous la France d\u2019Ancien R\u00e9gime, ses travaux portent d\u00e9sormais sur la libert\u00e9 d\u2019expression \u00e0 l\u2019\u00e9poque contemporaine, et notamment sur les proc\u00e8s litt\u00e9raires et artistiques. Elle a publi\u00e9, avec Judith Sarfati-Lanter et Arnaud\u00a0 Latil,<em> Le D\u00e9mon de la cat\u00e9gorie. Retour sur la qualification en droit et en litt\u00e9rature<\/em> (\u00c9ditions Mare et Martin, 2017) et <em>La cr\u00e9ation artistique et litt\u00e9raire en proc\u00e8s, 1999-2019<\/em> (Classique Garnier, 2022).<\/p>\n<ul>\n<li><strong>Marc Bishai<\/strong><\/li>\n<\/ul>\n<p>Titulaire d\u2019un baccalaur\u00e9at en droit de l\u2019Universit\u00e9 de Montr\u00e9al, Me Bishai est avocat de litige depuis 2007. Il a pratiqu\u00e9 au sein de cabinets de petite taille jusqu\u2019en 2012, en droit de la famille et en droit civil et commercial. Pendant cette p\u00e9riode, il est auteur de trois articles publi\u00e9s dans des revues de droit ontarienne et canadienne.<\/p>\n<div class=\"gmail-membre-content\">\n<p>Il s&rsquo;est joint alors au Service du contentieux du Barreau du Qu\u00e9bec, o\u00f9 il a repr\u00e9sent\u00e9 cet ordre professionnel devant les tribunaux r\u00e9guli\u00e8rement, notamment \u00e0 la Cour d\u2019appel, et a agi comme conseiller juridique du Barreau du Qu\u00e9bec. Il \u0153uvrait alors en droit administratif, p\u00e9nal, civil et professionnel.<\/p>\n<p>Depuis 2015, Marc est un avocat au Centre qu\u00e9b\u00e9cois du droit de l\u2019environnement parce qu\u2019il a la conviction profonde que le droit de l\u2019environnement regroupe les enjeux les plus importants du pr\u00e9sent et de l\u2019avenir.<\/p>\n<\/div>\n<ul>\n<li><strong>Rachel Chagnon<\/strong><\/li>\n<\/ul>\n<p>Avocate de formation, Rachel Chagnon d\u00e9tient un doctorat en histoire. Sa th\u00e8se portait sur la gen\u00e8se de la constitution canadienne. Professeure au d\u00e9partement des sciences juridiques depuis 2007, elle est pr\u00e9sentement doyenne de la Facult\u00e9 de science politique et droit de l\u2019Universit\u00e9 du Qu\u00e9bec \u00e0 Montr\u00e9al.<\/p>\n<p>Rachel Chagnon se sp\u00e9cialise dans l\u2019analyse f\u00e9ministe du droit public et la r\u00e9ponse l\u00e9gislative \u00e0 la violence faite aux femmes. Elle fait pr\u00e9sentement partie d\u2019\u00e9quipes de recherche pluridisciplinaires travaillant sur les violences sexuelles en milieu universitaire et sur les structures d\u2019aide aux victimes de harc\u00e8lement dans le milieu qu\u00e9b\u00e9cois de la culture. Parmi ses \u00e9crits on trouve : Rachel Chagnon, Carole Boulebsol et Mich\u00e8le Frenette, \u00ab La judiciarisation criminelle des violences envers les femmes : Vers un droit sensible aux victimes? \u00bb, <em>Canadian Journal of Women and the Law \/ Revue femmes et droit<\/em>, (2021) no 33.2; Rachel Chagnon, \u00ab Les femmes et la justice au Canada : quelle justice\u2009? \u00bb, <em>Nouveaux Cahiers du socialisme<\/em>, no 16, automne 2016.<\/p>\n<ul>\n<li><strong>Marie-\u00c8ve Carignan<\/strong><\/li>\n<\/ul>\n<p>Marie-\u00c8ve Carignan est professeure au d\u00e9partement de communication de l\u2019Universit\u00e9 de Sherbrooke, co-titulaire et directrice du\u00a0 P\u00f4le m\u00e9dias de la Chaire UNESCO en pr\u00e9vention de la radicalisation et de l\u2019extr\u00e9misme violent, chercheure au sein du groupe de recherche en communication politique et du Centre de recherche Soci\u00e9t\u00e9, Droit et Religions de l\u2019Universit\u00e9 de Sherbrooke. Ses travaux portent sur l\u2019\u00e9thique et la d\u00e9ontologie journalistique, les responsabilit\u00e9s civiles et sociales des m\u00e9dias et les industries culturelles. Elle s\u2019int\u00e9resse plus sp\u00e9cifiquement \u00e0 la litt\u00e9ratie m\u00e9diatique, \u00e0 l\u2019impact des th\u00e9ories complotistes, de la d\u00e9sinformation et des fausses nouvelles sur la jeunesse au Qu\u00e9bec. Elle a r\u00e9cemment publi\u00e9 <em>Mon fr\u00e8re est un complotiste. Comment r\u00e9tablir le lien et le dialogue social<\/em> (Les \u00c9ditions de l\u2019homme, 2022).<\/p>\n<ul>\n<li><strong>Mathieu Colin<\/strong><\/li>\n<\/ul>\n<p>Mathieu Colin est postdoctorant \u00e0 la Chaire UNESCO-PREV. Titulaire d\u2019un doctorat en sciences des religions de l\u2019Universit\u00e9 de Montr\u00e9al, il se concentre sur les id\u00e9ologies d\u2019extr\u00eame-droite dans leurs formes les plus radicales: acc\u00e9l\u00e9rationnisme, complotisme, n\u00e9o-nazisme. Il analyse \u00e9galement les influences culturelles et religieuses de ces mouvements, de l\u2019\u00e9tude des m\u00e8mes \u00e0 celle de l\u2019\u00e9sot\u00e9risme. Il est aussi sp\u00e9cialiste des liens entre religion, politique et s\u00e9cularisme, ainsi que des Nouveaux Mouvements Religieux.<\/p>\n<ul>\n<li><strong>Nina Duque<\/strong><\/li>\n<\/ul>\n<p>Nina Duque est doctorante \u00e0 la Facult\u00e9 de communication de l\u2019Universit\u00e9 du Qu\u00e9bec \u00e0 Montr\u00e9al, chercheuse au R\u00e9seau de recherches sur le num\u00e9rique et au Centre interuniversitaire de recherche sur la science et la technologie. Elle \u00e9tudie l\u2019impact des nouvelles technologies d\u2019information et de communication dans les groupes de femmes et sur les adolescents au Qu\u00e9bec.<\/p>\n<ul>\n<li><strong>Yves Gingras<\/strong><\/li>\n<\/ul>\n<p>Yves Gingras est professeur au d\u00e9partement d\u2019histoire de l\u2019Universit\u00e9 du Qu\u00e9bec \u00e0 Montr\u00e9al, directeur scientifique de l\u2019Observatoire des sciences et des technologies, chercheur au Centre\u00a0 interuniversitaire de recherche sur la science et la technologie, ancien titulaire de la Chaire de recherche du Canada en histoire et sociologie des sciences, r\u00e9cipiendaire du prix du Qu\u00e9bec L\u00e9on-G\u00e9rin en 2018 et fait chevalier de l\u2019Ordre nationale du Qu\u00e9bec en 2019. Il a publi\u00e9 de nombreux livres et articles sur l\u2019histoire et la sociologie des sciences, sur la controverse dans les sciences, sur la moralisation de la science et sur la parole publique des scientifiques. Membre de la Commission Cloutier en 2021, il participe activement au d\u00e9bat sur la libert\u00e9 acad\u00e9mique en lien avec la mission de l\u2019universit\u00e9.<\/p>\n<ul>\n<li><strong>Charles Girard<\/strong><\/li>\n<\/ul>\n<p>Charles Girard est ma\u00eetre de conf\u00e9rences \u00e0 la Facult\u00e9 de philosophie de l\u2019Universit\u00e9 Jean Moulin Lyon 3 et membre de l\u2019Institut de Recherches Philosophiques de Lyon. Philosophe du droit sp\u00e9cialiste des th\u00e9ories de la d\u00e9mocratie et des droits fondamentaux, il dirige le programme de recherche EGALIBEX sur la libert\u00e9 d\u2019expression et l\u2019\u00e9galit\u00e9 de participation. Il a \u00e9crit de nombreuses fois sur le sujet, dont r\u00e9cemment l\u2019article \u00ab\u00a0La libert\u00e9 d\u2019expression est-elle un droit absolu\u00a0?\u00a0\u00bb, dans la <em>Revue de m\u00e9taphysique et de morale<\/em> (vol. 116, n\u00b04, 2022) et <em>The Cambridge Handbook of Freedom of Expression and Democracy<\/em> (Cambridge University Press, 2023).<\/p>\n<ul>\n<li><strong>Micha\u00ebl La Chance<\/strong><\/li>\n<\/ul>\n<p>Micha\u00ebl La Chance est essayiste, po\u00e8te, professeur titulaire au d\u00e9partement des arts et des lettres de l\u2019Universit\u00e9 du Qu\u00e9bec \u00e0 Chicoutimi, chercheur au Centre de recherche Cultures Arts Soci\u00e9t\u00e9s et membre du comit\u00e9 de r\u00e9daction de\u00a0 la revue Inter, art actuel. Il a publi\u00e9 de nombreux travaux sur le r\u00f4le contemporain des intellectuels, la cyberculture, la mondialisation de l\u2019art et la censure dans les arts. Il a re\u00e7u le prix Ringuet de l\u2019Acad\u00e9mie des lettres du Qu\u00e9bec pour son r\u00e9cit <em>\u00c9pisodies<\/em> (La Peuplade, 2014). Il interroge la relation de l\u2019homme et des technologies dans son r\u00e9cent livre <em>Capture totale. Matrix, mythologie de la cyberculture<\/em> (Presses de l\u2019Universit\u00e9 Laval, 2022).<\/p>\n<ul>\n<li><strong>Louis-Philippe Lampron<\/strong><\/li>\n<\/ul>\n<p>Louis-Philippe Lampron est professeur titulaire \u00e0 la Facult\u00e9 de droit de l\u2019Universit\u00e9 Laval et chercheur r\u00e9gulier au Centre de recherche interdisciplinaire sur la diversit\u00e9 et la d\u00e9mocratie. Il travaille sur les droits et les libert\u00e9s de la personne, sur le pluralisme culturel, sur les enjeux des libert\u00e9s fondamentales, du droit \u00e0 l\u2019\u00e9galit\u00e9, et de la la\u00efcit\u00e9 en contexte qu\u00e9b\u00e9cois et canadien. Il intervient r\u00e9guli\u00e8rement sur la sc\u00e8ne m\u00e9diatique et acad\u00e9mique sur les questions autour de la libert\u00e9 d\u2019expression, notamment en ce qui trait \u00e0 la censure, au respect de la sensibilit\u00e9 et \u00e0 la libert\u00e9 acad\u00e9mique.<\/p>\n<ul>\n<li><strong>Marie-\u00c8ve Maill\u00e9<\/strong><\/li>\n<\/ul>\n<ul>\n<li><strong>Richard Moon<\/strong><\/li>\n<\/ul>\n<p>Richard Moon est professeur \u00e9m\u00e9rite \u00e0 la Facult\u00e9 de droit de l\u2019Universit\u00e9 de Windsor et membre du Centre for Free Expression de la Toronto Metropolitan University. Il est un des chercheurs canadiens de r\u00e9f\u00e9rence sur la libert\u00e9 d\u2019expression, la libert\u00e9 de conscience et de religion. Parmi ses nombreuses publications sur le sujet, citons simplement <em>Putting Faith in Hate. When Religion is the Source or Target<\/em> (Cambridge University Press, 2018) et <em>The Life and Death\u00a0of Freedom of Expression<\/em> (University of Toronto Press, \u00e0 venir).<\/p>\n<ul>\n<li><strong>Christian Nadeau<\/strong><\/li>\n<\/ul>\n<p>Christian Nadeau enseigne l\u2019histoire des id\u00e9es politiques, la philosophie morale et politique contemporaine et l\u2019\u00e9thique de l\u2019environnement au d\u00e9partement de philosophie de l\u2019Universit\u00e9 de Montr\u00e9al. Ses recherches portent sur la question de la responsabilit\u00e9 collective dans un contexte de crise et sur les conditions de la d\u00e9lib\u00e9ration d\u00e9mocratique. Militant pour la justice sociale et la d\u00e9mocratie, ancien pr\u00e9sident de la Ligue des droits et libert\u00e9s, Christian Nadeau intervient r\u00e9guli\u00e8rement dans les journaux, \u00e0 la radio et \u00e0 la t\u00e9l\u00e9vision.<\/p>\n<ul>\n<li><strong>Maryse Potvin<\/strong><\/li>\n<\/ul>\n<p>Maryse Potvin est professeure au d\u00e9partement d\u2019\u00e9ducation et formation sp\u00e9cialis\u00e9es de l\u2019Universit\u00e9 du Qu\u00e9bec \u00e0 Montr\u00e9al, directrice de l\u2019Observatoire sur la Formation \u00e0 la diversit\u00e9 et l\u2019\u00e9quit\u00e9, chercheure au Centre de recherche interuniversitaire sur la formation et la profession enseignante et au Centre d\u2019\u00e9tudes ethniques des universit\u00e9s montr\u00e9alaises. Ses travaux portent depuis 25 ans sur le racisme et les discriminations, les m\u00e9dias et les discours raciaux, la construction identitaire des jeunes des minorit\u00e9s racis\u00e9es, l\u2019\u00e9ducation et la formation antiraciste, inclusive, interculturelle et aux droits. Elle a co-\u00e9crit avec Marie-Odile Magnan, Julie Larochelle-Audet et Jean-Luc Ratel <em>La diversit\u00e9 ethnoculturelle, religieuse et linguistique en \u00e9ducation. Th\u00e9orie et pratique<\/em> (Fid\u00e8s, 2021).<\/p>\n<ul>\n<li><strong>Denis Ramond<\/strong><\/li>\n<\/ul>\n<p>Denis Ramond est professeur \u00e0 l\u2019Universit\u00e9 Gustave-Eiffel, membre du programme de recherche EGALIBEX sur la libert\u00e9 d\u2019expression et l\u2019\u00e9galit\u00e9 de participation de l\u2019Universit\u00e9 Lyon-3. Il aborde dans ses travaux la libert\u00e9 d\u2019expression en France \u00e0 travers la question polarisante de la satire et de la pornographie. Parmi ses publications, citons <em>La bave du crapaud. Petit trait\u00e9 de libert\u00e9 d\u2019expression<\/em> (\u00c9ditions de l\u2019Observatoire, 2018), <em>Images d\u00e9fendues. La libert\u00e9 d\u2019expression face \u00e0 la pornographie<\/em> (Garnier, 2019) et <em>De quoi se moque-t-on\u00a0? Les espaces de la satire avec C\u00e9dric Passard<\/em> (\u00c9ditions du CNRS, 2021).<\/p>\n<ul>\n<li><strong>Sybille Rouiller<\/strong><\/li>\n<\/ul>\n<p>Sybille Rouiller est charg\u00e9e d\u2019enseignement, chercheuse en didactique de l\u2019\u00e9thique et cultures religieuses, de l\u2019histoire et sciences des religions et de la didactique de la citoyennet\u00e9 \u00e0 la Haute \u00c9cole P\u00e9dagogique du canton de Vaud et chercheuse associ\u00e9e \u00e0 l\u2019Universit\u00e9 de Lausanne. Elle travaille sur les enjeux sociaux et didactiques pos\u00e9s par les\u00a0 th\u00e9ories du complot, et plus particuli\u00e8rement aux cultures adolescentes et au rapport qu\u2019ont les jeunes en Suisse et en France avec les th\u00e9ories complotistes.<\/p>\n<ul>\n<li><strong>Gis\u00e8le Sapiro<\/strong><\/li>\n<\/ul>\n<p>Gis\u00e8le Sapiro est directrice de recherche au Centre national de la recherche scientifique, directrice d\u2019\u00e9tudes de l\u2019\u00c9cole des hautes \u00e9tudes en sciences sociales, membre du Centre europ\u00e9en de sociologie et de science politique et membre de l\u2019Academia Europeae. Ses travaux s\u2019inscrivent dans la sociologie des intellectuels et de la litt\u00e9rature. Elle a abord\u00e9 la libert\u00e9 d\u2019expression en lien avec le milieu litt\u00e9raire sous l\u2019angle de la libert\u00e9 intellectuelle, du blasph\u00e8me, de l\u2019autorit\u00e9 et de la responsabilit\u00e9 de l\u2019\u00e9crivain. Parmi ses principales contributions, citons <em>Les \u00e9crivains et la politique en France<\/em> (Seuil, 2018), <em>Peut-on dissocier l\u2019\u0153uvre de l\u2019auteur ?<\/em> (Seuil, 2020) et <em>Ideas on the Move in the Social Sciences and Humanities<\/em> (Palgrave Macmillan, 2020).<\/p>\n<ul>\n<li><strong>Alain Saulnier<\/strong><\/li>\n<\/ul>\n<p>Alain Saulnier est ancien directeur g\u00e9n\u00e9ral de l\u2019information de Radio-Canada, professeur honoraire du d\u00e9partement de communications de l\u2019Universit\u00e9 de Montr\u00e9al, co-pr\u00e9sident de la Commission num\u00e9rique de Culture Montr\u00e9al et r\u00e9cipiendaire du prix Guy-Mauffette en 2022. En tant que pr\u00e9sident de la F\u00e9d\u00e9ration professionnelle des journalistes du Qu\u00e9bec, il a \u00e9t\u00e9 un des acteurs du premier Guide de d\u00e9ontologie de la profession journalistique au Qu\u00e9bec adopt\u00e9 en 1996. C\u2019est \u00e9galement sous sa pr\u00e9sidence que Radio-Canada a d\u00e9velopp\u00e9 le journalisme d\u2019enqu\u00eate, mettant au jour plusieurs scandales. Il a r\u00e9cemment publi\u00e9 un livre <em>Les barbares num\u00e9riques<\/em> (Ecosoci\u00e9t\u00e9, 2022), abordant la question de l\u2019accaparement de l\u2019information par des grands m\u00e9dias \u00e0 l\u2019\u00e8re du num\u00e9rique.<\/p>\n<ul>\n<li><strong>Patrick Taillon<\/strong><\/li>\n<\/ul>\n<p>Patrick\u202fTaillon est professeur titulaire \u00e0 la Facult\u00e9 de droit de l\u2019Universit\u00e9 Laval. Il y enseigne le droit constitutionnel des institutions, les droits et libert\u00e9s ainsi que le droit administratif depuis 2007. Il est, en outre, codirecteur du Centre d\u2019\u00e9tudes en droit administratif et constitutionnel (CEDAC) et codirecteur de l\u2019axe \u00ab Institutions, justice sociale et territoires \u00bb du Centre de recherche interdisciplinaire sur la diversit\u00e9 et la d\u00e9mocratie (CRIDAQ). Ses travaux portent sur la d\u00e9mocratie, le constitutionnalisme et la primaut\u00e9 des droits, le f\u00e9d\u00e9ralisme ainsi que les pratiques r\u00e9f\u00e9rendaires en droit canadien et en droit compar\u00e9. Son principal ouvrage a \u00e9t\u00e9 publi\u00e9 dans la collection \u00ab Biblioth\u00e8que parlementaire et constitutionnelle \u00bb des \u00e9ditions Dalloz, en 2012, et s\u2019intitule\u202f<em>Le r\u00e9f\u00e9rendum, expression directe de la souverainet\u00e9 du peuple ? Essai critique sur la rationalisation de l\u2019expression r\u00e9f\u00e9rendaire en droit compar\u00e9<\/em>.<\/p>\n<p>On peut l\u2019entendre en chronique, tous les lundis, \u00e0 l\u2019\u00e9mission d\u2019Antoine Robitaille, \u00ab L\u00e0-haut sur la colline \u00bb, diffus\u00e9e sur les ondes de QUB.ca. Sur les r\u00e9seaux sociaux, il anime \u00ab La veille du droit administratif et constitutionnel du CEDAC \u00bb, une revue de presse quotidienne de l\u2019actualit\u00e9 du droit public. En France, Patrick Taillon est un collaborateur r\u00e9gulier des travaux de l\u2019Institut Louis Favoreu de l\u2019Universit\u00e9 d\u2019Aix-Marseille, et il r\u00e9dige les rapports et chroniques sur le Canada dans l\u2019Annuaire international de justice constitutionnelle (AIJC).<\/p>\n<ul>\n<li><strong>St\u00e9phanie Tremblay<\/strong><\/li>\n<\/ul>\n<p>St\u00e9phanie Tremblay est professeure au d\u00e9partement des sciences des religions de l\u2019Universit\u00e9 du Qu\u00e9bec \u00e0 Montr\u00e9al et chercheure r\u00e9guli\u00e8re au Centre de recherche interdisciplinaire sur la diversit\u00e9 et la d\u00e9mocratie. Elles s\u2019int\u00e9ressent \u00e0 la place de la religion dans l\u2019espace public et aux modes de prise en compte de la diversit\u00e9 \u00e0 l\u2019\u00e9cole, et plus particuli\u00e8rement sur l\u2019\u00e9ducation inclusive au Qu\u00e9bec. Elle a r\u00e9cemment publi\u00e9 l\u2019\u00a0\u00ab\u00a0\u00c9vang\u00e9lisme \u2018blanc\u2019, identit\u00e9s et politique \u00e0 l\u2019\u00e8re de Trump\u00a0\u00bb (<em>Archives de sciences sociales des religions<\/em>, 2021) et \u00ab\u00a0La la\u00efcit\u00e9 dans l\u2019imaginaire religieux des Qu\u00e9b\u00e9cois\u00a0\u00bb (Presses Universitaires de Laval, 2022).<\/p>\n<ul>\n<li><strong>Pierre Trudel<\/strong><\/li>\n<\/ul>\n<p>Pierre Trudel est professeur titulaire \u00e0 la Facult\u00e9 de droit de l\u2019Universit\u00e9 de Montr\u00e9al, premier titulaire de la Chaire L. R. Wilson sur le droit des technologies de l\u2019information et du commerce \u00e9lectronique et ancien expert invit\u00e9 par le minist\u00e8re de l\u2019industrie et du patrimoine dans le cadre du groupe de travail sur la r\u00e9vision des lois sur les t\u00e9l\u00e9communications et de la radiodiffusion. Sp\u00e9cialiste du cyberespace, il est l\u2019auteur de nombreux livres et articles en droit des m\u00e9dias et en droit des technologies de l\u2019information, dont <em>Droits, libert\u00e9s et risque des m\u00e9dias<\/em> (Presses de l\u2019Universit\u00e9 Laval, 2022). Chroniqueur au <em>Devoir<\/em>, il participe au d\u00e9bat public sur la libert\u00e9 d\u2019expression, que ce soit en lien avec ses aspects juridiques ou avec le monde acad\u00e9mique.<\/p>\n<ul>\n<li><strong>Elisabeth Vallet<\/strong><\/li>\n<\/ul>\n<p>Elisabeth Vallet est professeure agr\u00e9g\u00e9e au Coll\u00e8ge militaire royal de Saint-Jean, professeure associ\u00e9e au d\u00e9partement de g\u00e9ographie de l\u2019Universit\u00e9 du Qu\u00e9bec \u00e0 Montr\u00e9al et directrice de l\u2019Observatoire en g\u00e9opolitique de la Chaire Raoul-Dandurand. Elle s\u2019est sp\u00e9cialis\u00e9e dans l\u2019\u00e9tude du syst\u00e8me politique am\u00e9ricain, des politiques migratoires et des fronti\u00e8res. Elle r\u00e9dige une chronique dans <em>Le Devoir<\/em> sur les \u00c9tats-Unis dans laquelle elle apporte un regard crois\u00e9 sur les enjeux du Qu\u00e9bec contemporain.<\/p>\n<ul>\n<li><strong>S\u00e9bastien van Drooghenbroeck<\/strong><\/li>\n<\/ul>\n<p>S\u00e9bastien Van Drooghenbroeck est professeur \u00e0 la Facult\u00e9 de droit de l\u2019Universit\u00e9 Saint-Louis o\u00f9 il enseigne les sources et les principes du droit, le droit constitutionnel et les droits de l\u2019homme. Il est membre du Centre interdisciplinaire de recherches constitutionnelles, du Comit\u00e9 scientifique de l\u2019Institut de formation judiciaire et assesseur \u00e0 la Section de l\u00e9gislation du Conseil d\u2019\u00c9tat de Belgique. Il s\u2019int\u00e9resse notamment au pluralisme belge et aux enjeux juridiques li\u00e9s \u00e0 la la\u00efcit\u00e9 et \u00e0 la reconnaissance des cultes en Europe.<\/p>\n<ul>\n<li><strong>Daniel Weinstock<\/strong><\/li>\n<\/ul>\n<p>Daniel Weinstock est professeur titulaire, vice-doyen \u00e0 la recherche de la Facult\u00e9 de droit de l\u2019Universit\u00e9 McGill, fondateur du Centre de recherche en \u00e9thique, titulaire de la Chaire Katarine A. Pearson en soci\u00e9t\u00e9 civile et politiques publiques et anciennement de la Chaire de recherche du Canada en \u00e9thique et en philosophie politique. Il a publi\u00e9 de nombreux livres et articles sur les probl\u00e8mes de justice et l\u2019accommodation de la diversit\u00e9 culturelle et morale au sein des soci\u00e9t\u00e9s d\u00e9mocratiques lib\u00e9rales. Il s\u2019est notamment d\u00e9marqu\u00e9 sur la sc\u00e8ne m\u00e9diatique et acad\u00e9mique sur la dimension \u00e9thique de la libert\u00e9 d\u2019expression, d\u2019abord en 2015 en lien avec l\u2019attentat de Charlie Hebdo, en 2017 dans son livre, co-\u00e9crit avec Catherine R\u00e9gis et Karim Benyekhlef, <em>Sauvons la justice\u00a0!<\/em>, puis en 2020 dans la controverse qui l\u2019a oppos\u00e9 au chroniqueur du <em>Journal de Montr\u00e9al<\/em> Richard Martineau.<\/p>\n","protected":false},"excerpt":{"rendered":"<p>Anna Arzoumanov Anna Arzoumanov est ma\u00eetresse de conf\u00e9rences en linguistique et en litt\u00e9rature fran\u00e7aise \u00e0 l\u2019Universit\u00e9 Paris-Sorbonne, membre du Laboratoire de recherche \u00ab\u00a0L\u2019art en proc\u00e8s\u00a0\u00bb et responsable scientifique du projet de recherche LIBEX de l\u2019Agence nationale de la recherche fran\u00e7aise portant sur l\u2019\u00e9tude interdisciplinaire de la libert\u00e9 de conscience, libert\u00e9 d\u2019expression et libert\u00e9 de cr\u00e9ation. &hellip; <a href=\"https:\/\/colloques.uqac.ca\/libobs\/panelistes\/\" class=\"more-link\">Continuer la lecture de <span class=\"screen-reader-text\">Pan\u00e9listes<\/span>  <span class=\"meta-nav\">&rarr;<\/span><\/a><\/p>\n","protected":false},"author":76,"featured_media":0,"parent":0,"menu_order":0,"comment_status":"closed","ping_status":"closed","template":"","meta":{"footnotes":""},"_links":{"self":[{"href":"https:\/\/colloques.uqac.ca\/libobs\/wp-json\/wp\/v2\/pages\/184"}],"collection":[{"href":"https:\/\/colloques.uqac.ca\/libobs\/wp-json\/wp\/v2\/pages"}],"about":[{"href":"https:\/\/colloques.uqac.ca\/libobs\/wp-json\/wp\/v2\/types\/page"}],"author":[{"embeddable":true,"href":"https:\/\/colloques.uqac.ca\/libobs\/wp-json\/wp\/v2\/users\/76"}],"replies":[{"embeddable":true,"href":"https:\/\/colloques.uqac.ca\/libobs\/wp-json\/wp\/v2\/comments?post=184"}],"version-history":[{"count":4,"href":"https:\/\/colloques.uqac.ca\/libobs\/wp-json\/wp\/v2\/pages\/184\/revisions"}],"predecessor-version":[{"id":194,"href":"https:\/\/colloques.uqac.ca\/libobs\/wp-json\/wp\/v2\/pages\/184\/revisions\/194"}],"wp:attachment":[{"href":"https:\/\/colloques.uqac.ca\/libobs\/wp-json\/wp\/v2\/media?parent=184"}],"curies":[{"name":"wp","href":"https:\/\/api.w.org\/{rel}","templated":true}]}}