{"id":13,"date":"2013-09-10T18:42:30","date_gmt":"2013-09-10T18:42:30","guid":{"rendered":"http:\/\/colloques.uqac.ca\/modelecolloque\/?page_id=13"},"modified":"2023-05-18T12:27:40","modified_gmt":"2023-05-18T17:27:40","slug":"comite","status":"publish","type":"page","link":"https:\/\/colloques.uqac.ca\/libobs\/comite\/","title":{"rendered":"Comit\u00e9 scientifique"},"content":{"rendered":"<ul>\n<li>Mathilde Barraband<br \/>\nUniversit\u00e9 du Qu\u00e9bec \u00e0 Trois-Rivi\u00e8res<\/li>\n<\/ul>\n<ul>\n<li>Dia Dabby<br \/>\nUniversit\u00e9 du Qu\u00e9bec \u00e0 Montr\u00e9al<\/li>\n<\/ul>\n<ul>\n<li>Micha\u00ebl LaChance<br \/>\nUniversit\u00e9 du Qu\u00e9bec \u00e0 Chicoutimi<\/li>\n<\/ul>\n<ul>\n<li>Normand Landry<br \/>\nTELUQ<\/li>\n<\/ul>\n<ul>\n<li>Dominique Leydet<br \/>\nUniversit\u00e9 du Qu\u00e9bec \u00e0 Montr\u00e9al<\/li>\n<\/ul>\n<ul>\n<li>Genevi\u00e8ve Nootens<br \/>\nUniversit\u00e9 du Qu\u00e9bec \u00e0 Chicoutimi<\/li>\n<\/ul>\n<ul>\n<li>Pierre Rainville<br \/>\nUniversit\u00e9 Laval<\/li>\n<\/ul>\n","protected":false},"excerpt":{"rendered":"<p>Mathilde Barraband Universit\u00e9 du Qu\u00e9bec \u00e0 Trois-Rivi\u00e8res Dia Dabby Universit\u00e9 du Qu\u00e9bec \u00e0 Montr\u00e9al Micha\u00ebl LaChance Universit\u00e9 du Qu\u00e9bec \u00e0 Chicoutimi Normand Landry TELUQ Dominique Leydet Universit\u00e9 du Qu\u00e9bec \u00e0 Montr\u00e9al Genevi\u00e8ve Nootens Universit\u00e9 du Qu\u00e9bec \u00e0 Chicoutimi Pierre Rainville Universit\u00e9 Laval<\/p>\n","protected":false},"author":5,"featured_media":0,"parent":0,"menu_order":0,"comment_status":"closed","ping_status":"closed","template":"","meta":{"footnotes":""},"_links":{"self":[{"href":"https:\/\/colloques.uqac.ca\/libobs\/wp-json\/wp\/v2\/pages\/13"}],"collection":[{"href":"https:\/\/colloques.uqac.ca\/libobs\/wp-json\/wp\/v2\/pages"}],"about":[{"href":"https:\/\/colloques.uqac.ca\/libobs\/wp-json\/wp\/v2\/types\/page"}],"author":[{"embeddable":true,"href":"https:\/\/colloques.uqac.ca\/libobs\/wp-json\/wp\/v2\/users\/5"}],"replies":[{"embeddable":true,"href":"https:\/\/colloques.uqac.ca\/libobs\/wp-json\/wp\/v2\/comments?post=13"}],"version-history":[{"count":5,"href":"https:\/\/colloques.uqac.ca\/libobs\/wp-json\/wp\/v2\/pages\/13\/revisions"}],"predecessor-version":[{"id":59,"href":"https:\/\/colloques.uqac.ca\/libobs\/wp-json\/wp\/v2\/pages\/13\/revisions\/59"}],"wp:attachment":[{"href":"https:\/\/colloques.uqac.ca\/libobs\/wp-json\/wp\/v2\/media?parent=13"}],"curies":[{"name":"wp","href":"https:\/\/api.w.org\/{rel}","templated":true}]}}