{"id":3546,"date":"2024-12-04T20:35:04","date_gmt":"2024-12-05T01:35:04","guid":{"rendered":"https:\/\/colloques.uqac.ca\/ecoconseil\/?page_id=3546"},"modified":"2025-02-20T10:47:48","modified_gmt":"2025-02-20T15:47:48","slug":"nos-partenaires","status":"publish","type":"page","link":"https:\/\/colloques.uqac.ca\/ecoconseil\/nos-partenaires\/","title":{"rendered":"Nos partenaires"},"content":{"rendered":"<h2><strong>MAGE-UQAC<\/strong><\/h2>\n<div><span style=\"color: #ffffff\">espace<\/span><\/div>\n<div><\/div>\n<div><strong><a href=\"https:\/\/colloques.uqac.ca\/ecoconseil\/files\/2024\/01\/Mage-UQAC.png\"><img loading=\"lazy\" decoding=\"async\" class=\"size-full wp-image-3493 aligncenter\" src=\"https:\/\/colloques.uqac.ca\/ecoconseil\/files\/2024\/01\/Mage-UQAC.png\" alt=\"\" width=\"170\" height=\"157\" \/><\/a><\/strong>Le <em>MAGE-UQAC<\/em> est l&rsquo;association repr\u00e9sentant les \u00e9tudiants de l&rsquo;Universit\u00e9 du Qu\u00e9bec \u00e0 Chicoutimi. Elle offre plusieurs services sur le campus tels que le\u00a0<strong>Baruqac<\/strong>,\u00a0<strong>l&rsquo;Escale<\/strong>, ou encore la\u00a0<strong>Coopsco<\/strong>.<\/div>\n<div><span style=\"color: #ffffff\">espace<\/span><\/div>\n<div><span style=\"color: #ffffff\">espace<\/span><\/div>\n<div>\n<h2><strong>LAGORA<\/strong><\/h2>\n<div><span style=\"color: #ffffff\">espace<\/span><\/div>\n<div><a href=\"https:\/\/colloques.uqac.ca\/ecoconseil\/files\/2024\/01\/LAGORA.png\"><img loading=\"lazy\" decoding=\"async\" class=\" wp-image-3492 aligncenter\" src=\"https:\/\/colloques.uqac.ca\/ecoconseil\/files\/2024\/01\/LAGORA.png\" alt=\"\" width=\"308\" height=\"104\" srcset=\"https:\/\/colloques.uqac.ca\/ecoconseil\/files\/2024\/01\/LAGORA.png 400w, https:\/\/colloques.uqac.ca\/ecoconseil\/files\/2024\/01\/LAGORA-300x101.png 300w\" sizes=\"(max-width: 308px) 100vw, 308px\" \/><\/a><\/div>\n<div><\/div>\n<div><em>LAGORA<\/em>, le laboratoire de gouvernances alternatives, est un \u00e9quipe qui exp\u00e9rimente, recherche et analyse de nouvelles formes de gestion d&rsquo;un projet ou d&rsquo;un territoire. Leur travail est r\u00e9alis\u00e9 quotidiennement au Saguenay-Lac-Saint-Jean et dans l&rsquo;ensemble du Qu\u00e9bec.<\/div>\n<div><span style=\"color: #ffffff\">espace<\/span><\/div>\n<\/div>\n<div><span style=\"color: #ffffff\">espace<\/span><\/div>\n<div>\n<h2><strong>APECQ<\/strong><\/h2>\n<div><span style=\"color: #ffffff\">espace<\/span><\/div>\n<div><\/div>\n<div><a href=\"https:\/\/colloques.uqac.ca\/ecoconseil\/files\/2024\/01\/APECQ.png\"><img loading=\"lazy\" decoding=\"async\" class=\" wp-image-3488 aligncenter\" src=\"https:\/\/colloques.uqac.ca\/ecoconseil\/files\/2024\/01\/APECQ.png\" alt=\"\" width=\"308\" height=\"133\" srcset=\"https:\/\/colloques.uqac.ca\/ecoconseil\/files\/2024\/01\/APECQ.png 400w, https:\/\/colloques.uqac.ca\/ecoconseil\/files\/2024\/01\/APECQ-300x130.png 300w\" sizes=\"(max-width: 308px) 100vw, 308px\" \/><\/a><\/div>\n<div>L&rsquo;<em>Association Professionnelle des \u00c9co-Conseillers du Qu\u00e9bec\u00a0<\/em>(APECQ) a pour but de promouvoir la formation et la profession d&rsquo;\u00e9co-conseiller au Qu\u00e9bec et dans le monde.<\/div>\n<\/div>\n<div><span style=\"color: #ffffff\">espace<\/span><\/div>\n<div><span style=\"color: #ffffff\">espace<\/span><\/div>\n<div>\n<h2><strong>D\u00e9partement des Sciences Fondamentales<\/strong><\/h2>\n<div><span style=\"color: #ffffff\">espace<\/span><\/div>\n<div><strong><a href=\"https:\/\/colloques.uqac.ca\/ecoconseil\/files\/2024\/01\/DSF.png\"><img loading=\"lazy\" decoding=\"async\" class=\" wp-image-3490 aligncenter\" src=\"https:\/\/colloques.uqac.ca\/ecoconseil\/files\/2024\/01\/DSF.png\" alt=\"\" width=\"326\" height=\"141\" srcset=\"https:\/\/colloques.uqac.ca\/ecoconseil\/files\/2024\/01\/DSF.png 400w, https:\/\/colloques.uqac.ca\/ecoconseil\/files\/2024\/01\/DSF-300x130.png 300w\" sizes=\"(max-width: 326px) 100vw, 326px\" \/><\/a><\/strong><\/div>\n<div>\n<p>Le d\u00e9partement des sciences fondamentales de l&rsquo;UQAC offre des programmes universitaires de premier, deuxi\u00e8me et troisi\u00e8me cycle. Cela concerne notamment les domaines de la biologie, la chimie, la cosm\u00e9tologie, mais aussi le d\u00e9veloppement durable dont l&rsquo;\u00e9co-conseil.<\/p>\n<p>&nbsp;<\/p>\n<\/div>\n<\/div>\n<div>\n<h2><strong>MRC du Fjord-du-Saguenay<\/strong><\/h2>\n<p>&nbsp;<\/p>\n<\/div>\n<div><a href=\"https:\/\/colloques.uqac.ca\/ecoconseil\/files\/2025\/01\/logo_couleur_mrc_fjord.png\"><img loading=\"lazy\" decoding=\"async\" class=\" wp-image-3675 aligncenter\" src=\"https:\/\/colloques.uqac.ca\/ecoconseil\/files\/2025\/01\/logo_couleur_mrc_fjord-300x207.png\" alt=\"\" width=\"264\" height=\"182\" srcset=\"https:\/\/colloques.uqac.ca\/ecoconseil\/files\/2025\/01\/logo_couleur_mrc_fjord-300x207.png 300w, https:\/\/colloques.uqac.ca\/ecoconseil\/files\/2025\/01\/logo_couleur_mrc_fjord-1024x706.png 1024w, https:\/\/colloques.uqac.ca\/ecoconseil\/files\/2025\/01\/logo_couleur_mrc_fjord-768x530.png 768w, https:\/\/colloques.uqac.ca\/ecoconseil\/files\/2025\/01\/logo_couleur_mrc_fjord-1536x1060.png 1536w, https:\/\/colloques.uqac.ca\/ecoconseil\/files\/2025\/01\/logo_couleur_mrc_fjord.png 1993w\" sizes=\"(max-width: 264px) 100vw, 264px\" \/><\/a><\/div>\n<div><\/div>\n<div>\n<p>Ce projet est rendu possible gr\u00e2ce \u00e0 la participation financi\u00e8re de la MRC du Fjord-du-Saguenay.<\/p>\n<p>&nbsp;<\/p>\n<\/div>\n<div>\n<h2><strong>MRC Domaine-du-Roy<\/strong><\/h2>\n<\/div>\n<div><a href=\"https:\/\/colloques.uqac.ca\/ecoconseil\/files\/2025\/01\/Capture-decran-2025-01-29-113449-1.jpg\"><img loading=\"lazy\" decoding=\"async\" class=\"size-medium wp-image-3677 aligncenter\" src=\"https:\/\/colloques.uqac.ca\/ecoconseil\/files\/2025\/01\/Capture-decran-2025-01-29-113449-1-300x124.jpg\" alt=\"\" width=\"300\" height=\"124\" srcset=\"https:\/\/colloques.uqac.ca\/ecoconseil\/files\/2025\/01\/Capture-decran-2025-01-29-113449-1-300x124.jpg 300w, https:\/\/colloques.uqac.ca\/ecoconseil\/files\/2025\/01\/Capture-decran-2025-01-29-113449-1-1024x422.jpg 1024w, https:\/\/colloques.uqac.ca\/ecoconseil\/files\/2025\/01\/Capture-decran-2025-01-29-113449-1-768x316.jpg 768w, https:\/\/colloques.uqac.ca\/ecoconseil\/files\/2025\/01\/Capture-decran-2025-01-29-113449-1.jpg 1161w\" sizes=\"(max-width: 300px) 100vw, 300px\" \/><\/a><\/div>\n<div>\n<p>Nous remercions la MRC du Domaine-du-Roy pour l&rsquo;aide financi\u00e8re accord\u00e9e pour l&rsquo;\u00e9v\u00e8nement \u00e9co-conseil 2025.<\/p>\n<p>&nbsp;<\/p>\n<\/div>\n<div>\n<h2><strong>MRC de Maria-Chapdelaine<\/strong><\/h2>\n<\/div>\n<div><a href=\"https:\/\/colloques.uqac.ca\/ecoconseil\/files\/2025\/01\/Capture-decran-2025-01-29-114245.jpg\"><img loading=\"lazy\" decoding=\"async\" class=\"size-medium wp-image-3678 aligncenter\" src=\"https:\/\/colloques.uqac.ca\/ecoconseil\/files\/2025\/01\/Capture-decran-2025-01-29-114245-300x150.jpg\" alt=\"\" width=\"300\" height=\"150\" srcset=\"https:\/\/colloques.uqac.ca\/ecoconseil\/files\/2025\/01\/Capture-decran-2025-01-29-114245-300x150.jpg 300w, https:\/\/colloques.uqac.ca\/ecoconseil\/files\/2025\/01\/Capture-decran-2025-01-29-114245-1024x511.jpg 1024w, https:\/\/colloques.uqac.ca\/ecoconseil\/files\/2025\/01\/Capture-decran-2025-01-29-114245-768x383.jpg 768w, https:\/\/colloques.uqac.ca\/ecoconseil\/files\/2025\/01\/Capture-decran-2025-01-29-114245.jpg 1348w\" sizes=\"(max-width: 300px) 100vw, 300px\" \/><\/a><\/div>\n<div>\n<p>Nous remercions la MRC de Maria-Chapdelaine pour l&rsquo;aide financi\u00e8re accord\u00e9e pour l&rsquo;\u00e9v\u00e8nement \u00e9co-conseil 2025.<\/p>\n<p>&nbsp;<\/p>\n<h2><strong>Ville de Saguenay<br \/>\n<a href=\"https:\/\/colloques.uqac.ca\/ecoconseil\/files\/2025\/01\/VilleSaguenay.png\"><img loading=\"lazy\" decoding=\"async\" class=\"size-medium wp-image-3683 aligncenter\" src=\"https:\/\/colloques.uqac.ca\/ecoconseil\/files\/2025\/01\/VilleSaguenay-300x120.png\" alt=\"\" width=\"300\" height=\"120\" srcset=\"https:\/\/colloques.uqac.ca\/ecoconseil\/files\/2025\/01\/VilleSaguenay-300x120.png 300w, https:\/\/colloques.uqac.ca\/ecoconseil\/files\/2025\/01\/VilleSaguenay.png 400w\" sizes=\"(max-width: 300px) 100vw, 300px\" \/><\/a><\/strong><\/h2>\n<p>La\u00a0<em>Ville de Saguenay<\/em>\u00a0se situe sur un territoire de plus de 1000 km\u00b2, et sa population d\u00e9passe les 140 000 habitants. Cela en fait la 8\u00e8me ville la plus peupl\u00e9e au Qu\u00e9bec.<\/p>\n<p>&nbsp;<\/p>\n<h2><strong>RESSERR<a href=\"https:\/\/colloques.uqac.ca\/ecoconseil\/files\/2025\/01\/Capture-decran-2025-01-29-115620.jpg\"><img loading=\"lazy\" decoding=\"async\" class=\"size-medium wp-image-3685 aligncenter\" src=\"https:\/\/colloques.uqac.ca\/ecoconseil\/files\/2025\/01\/Capture-decran-2025-01-29-115620-300x171.jpg\" alt=\"\" width=\"300\" height=\"171\" srcset=\"https:\/\/colloques.uqac.ca\/ecoconseil\/files\/2025\/01\/Capture-decran-2025-01-29-115620-300x171.jpg 300w, https:\/\/colloques.uqac.ca\/ecoconseil\/files\/2025\/01\/Capture-decran-2025-01-29-115620.jpg 677w\" sizes=\"(max-width: 300px) 100vw, 300px\" \/><\/a><\/strong><\/h2>\n<p>Le\u00a0<em>Regroupement des \u00c9tudiants en Sciences de l\u2019Environnement et Ressources Renouvelables\u00a0\u00a0<\/em>agit \u00e0 titre de ressources pour les \u00e9tudiants et promeut des activit\u00e9s. Cela concerne notamment les ma\u00eetrises en ressources renouvelables, en sciences cliniques et biom\u00e9dicales, les DESS en \u00c9co-Conseil et en cosm\u00e9tologie ainsi que les doctorats en sciences de l\u2019environnement et en biologie. L\u2019ensemble de ces programmes est donn\u00e9 \u00e0 l\u2019UQAC.<\/p>\n<p>&nbsp;<\/p>\n<h2><strong>Le Grand Dialogue<br \/>\n<a href=\"https:\/\/colloques.uqac.ca\/ecoconseil\/files\/2025\/01\/432843797_734417378766009_2889216406278532752_n.jpg\"><img loading=\"lazy\" decoding=\"async\" class=\"wp-image-3686 aligncenter\" src=\"https:\/\/colloques.uqac.ca\/ecoconseil\/files\/2025\/01\/432843797_734417378766009_2889216406278532752_n-300x300.jpg\" alt=\"\" width=\"189\" height=\"189\" srcset=\"https:\/\/colloques.uqac.ca\/ecoconseil\/files\/2025\/01\/432843797_734417378766009_2889216406278532752_n-300x300.jpg 300w, https:\/\/colloques.uqac.ca\/ecoconseil\/files\/2025\/01\/432843797_734417378766009_2889216406278532752_n-1024x1024.jpg 1024w, https:\/\/colloques.uqac.ca\/ecoconseil\/files\/2025\/01\/432843797_734417378766009_2889216406278532752_n-150x150.jpg 150w, https:\/\/colloques.uqac.ca\/ecoconseil\/files\/2025\/01\/432843797_734417378766009_2889216406278532752_n-768x768.jpg 768w, https:\/\/colloques.uqac.ca\/ecoconseil\/files\/2025\/01\/432843797_734417378766009_2889216406278532752_n-100x100.jpg 100w, https:\/\/colloques.uqac.ca\/ecoconseil\/files\/2025\/01\/432843797_734417378766009_2889216406278532752_n.jpg 1080w\" sizes=\"(max-width: 189px) 100vw, 189px\" \/><\/a><\/strong><\/h2>\n<p>Le Grand Dialogue r\u00e9gional pour la transition socio-\u00e9cologique est une initiative citoyenne autod\u00e9termin\u00e9e de transformation sociale et \u00e9cologique port\u00e9e par un collectif d\u2019actrices et d\u2019acteurs terrain et de la recherche.<\/p>\n<p>L\u2019objectif est de mobiliser le plus de personnes possible pour construire ensemble une vision r\u00e9gionale de la transition socio-\u00e9cologique. Pour y arriver, nous \u00a0animons un dialogue territorial au Saguenay-Lac-Saint-Jean permettant de fabriquer nos r\u00eaves et visions collectives afin de planifier et de d\u00e9ployer concr\u00e8tement la transition dans la r\u00e9gion.<\/p>\n<h2>Xu\u00e2n Boone<\/h2>\n<p>Nous remercions Xu\u00e2n Boone pour son implication dans la conception du logo de l&rsquo;\u00e9v\u00e8nement \u00e9co-conseil 2025.<\/p>\n<p>Retrouvez son Portfolio : <a href=\"https:\/\/xuanboone.com\/experience\">https:\/\/xuanboone.com\/experience<\/a><\/p>\n<\/div>\n<h2><strong>H\u00f4tel Chicoutimi<\/strong><\/h2>\n<p><a href=\"https:\/\/colloques.uqac.ca\/ecoconseil\/files\/2025\/02\/hotel-chicoutimi.jpg\"><img loading=\"lazy\" decoding=\"async\" class=\"wp-image-3725 aligncenter\" src=\"https:\/\/colloques.uqac.ca\/ecoconseil\/files\/2025\/02\/hotel-chicoutimi.jpg\" alt=\"\" width=\"268\" height=\"100\" srcset=\"https:\/\/colloques.uqac.ca\/ecoconseil\/files\/2025\/02\/hotel-chicoutimi.jpg 432w, https:\/\/colloques.uqac.ca\/ecoconseil\/files\/2025\/02\/hotel-chicoutimi-300x112.jpg 300w\" sizes=\"(max-width: 268px) 100vw, 268px\" \/><\/a><\/p>\n<p>Depuis pr\u00e8s de 120 ans, l\u2019<em>H\u00f4tel Chicoutimi<\/em>\u00a0est un symbole du centre-ville de Chicoutimi. Situ\u00e9 en plein centre-ville, sur la rue Racine, l\u2019\u00e9tablissement est reconnu pour son ambiance moderne et sa d\u00e9marche \u00e9co-responsable. L\u2019h\u00f4tel a notamment obtenu 4 \u00e9toiles de la certification environnementale internationale\u00a0<em>Green Key Global<\/em>.<\/p>\n<p>Visitez le site internet avec le lien suivant : <a href=\"https:\/\/hotelchicoutimi.qc.ca\/\">https:\/\/hotelchicoutimi.qc.ca\/<\/a><\/p>\n","protected":false},"excerpt":{"rendered":"<p>MAGE-UQAC espace Le MAGE-UQAC est l&rsquo;association repr\u00e9sentant les \u00e9tudiants de l&rsquo;Universit\u00e9 du Qu\u00e9bec \u00e0 Chicoutimi. Elle offre plusieurs services sur le campus tels que le\u00a0Baruqac,\u00a0l&rsquo;Escale, ou encore la\u00a0Coopsco. espace espace LAGORA espace LAGORA, le laboratoire de gouvernances alternatives, est un \u00e9quipe qui exp\u00e9rimente, recherche et analyse de nouvelles formes de gestion d&rsquo;un projet ou d&rsquo;un &hellip; <a href=\"https:\/\/colloques.uqac.ca\/ecoconseil\/nos-partenaires\/\" class=\"more-link\">Continuer la lecture de <span class=\"screen-reader-text\">Nos partenaires<\/span>  <span class=\"meta-nav\">&rarr;<\/span><\/a><\/p>\n","protected":false},"author":101,"featured_media":0,"parent":0,"menu_order":0,"comment_status":"closed","ping_status":"closed","template":"","meta":{"footnotes":""},"_links":{"self":[{"href":"https:\/\/colloques.uqac.ca\/ecoconseil\/wp-json\/wp\/v2\/pages\/3546"}],"collection":[{"href":"https:\/\/colloques.uqac.ca\/ecoconseil\/wp-json\/wp\/v2\/pages"}],"about":[{"href":"https:\/\/colloques.uqac.ca\/ecoconseil\/wp-json\/wp\/v2\/types\/page"}],"author":[{"embeddable":true,"href":"https:\/\/colloques.uqac.ca\/ecoconseil\/wp-json\/wp\/v2\/users\/101"}],"replies":[{"embeddable":true,"href":"https:\/\/colloques.uqac.ca\/ecoconseil\/wp-json\/wp\/v2\/comments?post=3546"}],"version-history":[{"count":18,"href":"https:\/\/colloques.uqac.ca\/ecoconseil\/wp-json\/wp\/v2\/pages\/3546\/revisions"}],"predecessor-version":[{"id":3726,"href":"https:\/\/colloques.uqac.ca\/ecoconseil\/wp-json\/wp\/v2\/pages\/3546\/revisions\/3726"}],"wp:attachment":[{"href":"https:\/\/colloques.uqac.ca\/ecoconseil\/wp-json\/wp\/v2\/media?parent=3546"}],"curies":[{"name":"wp","href":"https:\/\/api.w.org\/{rel}","templated":true}]}}