{"id":3543,"date":"2024-12-04T20:35:03","date_gmt":"2024-12-05T01:35:03","guid":{"rendered":"https:\/\/colloques.uqac.ca\/ecoconseil\/?page_id=3543"},"modified":"2025-02-12T16:54:28","modified_gmt":"2025-02-12T21:54:28","slug":"evenement-eco-conseil-2025","status":"publish","type":"page","link":"https:\/\/colloques.uqac.ca\/ecoconseil\/evenement-eco-conseil-2025\/","title":{"rendered":"\u00c9v\u00e8nement \u00e9co-conseil 2025"},"content":{"rendered":"<p>La cohorte 24 est enthousiate \u00e0 l\u2019id\u00e9e de vous convier \u00e0 l\u2019\u00e9v\u00e8nement \u00e9co-conseil de 2025, un colloque centr\u00e9 sur les probl\u00e9matiques li\u00e9es au d\u00e9veloppement durable, organis\u00e9 par la cohorte du DESS en \u00e9co-conseil qui se tiendra \u00e0 l\u2019Universit\u00e9 du Qu\u00e9bec \u00e0 Chicoutimi le 21 f\u00e9vrier 2025.<\/p>\n<p>Cette ann\u00e9e, la cohorte oriente cet \u00e9v\u00e8nement sur la question des prises de d\u00e9cision et la gouvernance avec la th\u00e9matique suivante : Repenser les prises de d\u00e9cision dans la transition socio-\u00e9cologique : comment collectiviser le pouvoir dans nos r\u00e9gions ? L\u2019objectif est d\u2019amener une r\u00e9flexion collective, menant \u00e0 une d\u00e9finition et une compr\u00e9hension des bons m\u00e9canismes de prise de d\u00e9cision, tout en se demandant comment les appliquer face aux m\u00e9thodes et enjeux actuels. L\u2019ensemble de ces probl\u00e9matiques sera ancr\u00e9 dans le contexte des r\u00e9gions.<\/p>\n<p>Ainsi, nous nous demanderons plus particuli\u00e8rement comment se construit la prise de d\u00e9cision \u00e0 l\u2019\u00e9chelle des r\u00e9gions par rapport aux d\u00e9r\u00e8glements climatiques. L\u2019id\u00e9e est de mieux comprendre, questionner et se r\u00e9approprier le pouvoir d\u2019agir collectif, dans un contexte climatique o\u00f9 la prise de d\u00e9cision n\u2019est plus forc\u00e9ment adapt\u00e9e aux enjeux actuels pour le bien-\u00eatre commun et dans lequel le gouvernement f\u00e9d\u00e9ral manque chacune des cibles de r\u00e9ductions d\u2019\u00e9mission de gaz \u00e0 effet de serre qu\u2019il se fixe.<\/p>\n<p>Au Saguenay-Lac-St-Jean, les changements globaux sont et seront la source de perturbations au sein des cycles de gel d\u00e9gel, les catalyseurs de feux de for\u00eat et de d\u00e9luges, responsables de glissements de terrain et emp\u00eacheront la pratique de motoneige et de la p\u00eache blanche. Cette liste non-exhaustive des impacts nous motive \u00e0 trouver des alternatives concr\u00e8tes, \u00e0 l\u2019instar de 85% de la population qu\u00e9b\u00e9coise qui consid\u00e8re qu\u2019il y a urgence d\u2019agir.<\/p>\n<p>Pour ce faire, nous vous invitons a assister le 21 f\u00e9vrier 2025 \u00e0 un colloque unique portant sur ces enjeux, avec au programme : des conf\u00e9rences, un panel avec des retours d\u2019exp\u00e9rience et des regards critiques de la part de multiples acteurs ainsi qu\u2019une mise en application concr\u00e8te sous la forme d\u2019une activit\u00e9 partag\u00e9e.<\/p>\n<p>Au plaisir de vous accueillir, \u00e0 tr\u00e8s vite !<\/p>\n<h2>Nos engagements :<\/h2>\n<p>L&rsquo;organisation de l&rsquo;\u00e9v\u00e8nement s&rsquo;est d\u00e9roul\u00e9e avec les valeurs et objectifs suivants en t\u00eate :<\/p>\n<ul>\n<li>Parit\u00e9 femme \/ homme<\/li>\n<li>Limiter les \u00e9missions de carbone<\/li>\n<li>R\u00e9duire au maximum les d\u00e9chets<\/li>\n<li>Place des Premi\u00e8res Nations<\/li>\n<li>Reconnaissance territoriale<\/li>\n<\/ul>\n","protected":false},"excerpt":{"rendered":"<p>La cohorte 24 est enthousiate \u00e0 l\u2019id\u00e9e de vous convier \u00e0 l\u2019\u00e9v\u00e8nement \u00e9co-conseil de 2025, un colloque centr\u00e9 sur les probl\u00e9matiques li\u00e9es au d\u00e9veloppement durable, organis\u00e9 par la cohorte du DESS en \u00e9co-conseil qui se tiendra \u00e0 l\u2019Universit\u00e9 du Qu\u00e9bec \u00e0 Chicoutimi le 21 f\u00e9vrier 2025. Cette ann\u00e9e, la cohorte oriente cet \u00e9v\u00e8nement sur la &hellip; <a href=\"https:\/\/colloques.uqac.ca\/ecoconseil\/evenement-eco-conseil-2025\/\" class=\"more-link\">Continuer la lecture de <span class=\"screen-reader-text\">\u00c9v\u00e8nement \u00e9co-conseil 2025<\/span>  <span class=\"meta-nav\">&rarr;<\/span><\/a><\/p>\n","protected":false},"author":101,"featured_media":0,"parent":0,"menu_order":0,"comment_status":"open","ping_status":"closed","template":"","meta":{"footnotes":""},"_links":{"self":[{"href":"https:\/\/colloques.uqac.ca\/ecoconseil\/wp-json\/wp\/v2\/pages\/3543"}],"collection":[{"href":"https:\/\/colloques.uqac.ca\/ecoconseil\/wp-json\/wp\/v2\/pages"}],"about":[{"href":"https:\/\/colloques.uqac.ca\/ecoconseil\/wp-json\/wp\/v2\/types\/page"}],"author":[{"embeddable":true,"href":"https:\/\/colloques.uqac.ca\/ecoconseil\/wp-json\/wp\/v2\/users\/101"}],"replies":[{"embeddable":true,"href":"https:\/\/colloques.uqac.ca\/ecoconseil\/wp-json\/wp\/v2\/comments?post=3543"}],"version-history":[{"count":9,"href":"https:\/\/colloques.uqac.ca\/ecoconseil\/wp-json\/wp\/v2\/pages\/3543\/revisions"}],"predecessor-version":[{"id":3701,"href":"https:\/\/colloques.uqac.ca\/ecoconseil\/wp-json\/wp\/v2\/pages\/3543\/revisions\/3701"}],"wp:attachment":[{"href":"https:\/\/colloques.uqac.ca\/ecoconseil\/wp-json\/wp\/v2\/media?parent=3543"}],"curies":[{"name":"wp","href":"https:\/\/api.w.org\/{rel}","templated":true}]}}