{"id":3439,"date":"2024-01-10T17:37:42","date_gmt":"2024-01-10T22:37:42","guid":{"rendered":"http:\/\/colloques.uqac.ca\/ecoconseil\/?page_id=3439"},"modified":"2024-01-14T13:53:15","modified_gmt":"2024-01-14T18:53:15","slug":"atelier-fresque-du-climat","status":"publish","type":"page","link":"https:\/\/colloques.uqac.ca\/ecoconseil\/atelier-fresque-du-climat\/","title":{"rendered":"Atelier Fresque du Climat"},"content":{"rendered":"<p style=\"text-align: justify\">En parall\u00e8le de notre colloque, nous avons le plaisir de vous inviter \u00e0 participer \u00e0 un atelier gratuit de la <em>Fresque du Climat <\/em>qui aura lieu le\u00a0<strong>25 janvier <\/strong>au Centre Social de\u00a0l&rsquo;UQAC, de 9h \u00e0 12h!<\/p>\n<div class=\"x11i5rnm xat24cr x1mh8g0r x1vvkbs xtlvy1s\" style=\"text-align: justify\">Vous \u00eates passionn\u00e9(e) par l&rsquo;environnement et souhaitez contribuer \u00e0 la lutte contre le changement climatique ? Ne cherchez pas plus loin, car nous vous invitons \u00e0 participer \u00e0 la <em>Fresque du Climat<\/em>, une exp\u00e9rience immersive de 3h accessible \u00e0 tous qui vous permettra de mieux comprendre les enjeux li\u00e9s au climat et de prendre part \u00e0 des solutions concr\u00e8tes.<\/div>\n<div class=\"x11i5rnm xat24cr x1mh8g0r x1vvkbs xtlvy1s\" style=\"text-align: justify\"><\/div>\n<div class=\"x11i5rnm xat24cr x1mh8g0r x1vvkbs xtlvy1s\" style=\"text-align: justify\"><strong>Objectifs de la Fresque du Climat :<\/strong><\/div>\n<ul style=\"text-align: justify\">\n<li class=\"x11i5rnm xat24cr x1mh8g0r x1vvkbs xtlvy1s\">Sensibilisation : A l\u2019aide d\u2019un jeu de 42 cartes, comprenez les liens complexes entre les diff\u00e9rentes composantes du climat et les activit\u00e9s humaines qui contribuent au changement climatique.<\/li>\n<li class=\"x11i5rnm xat24cr x1mh8g0r x1vvkbs xtlvy1s\">\u00c9change et Collaboration : Favorisez le dialogue et la collaboration entre les participants pour partager des id\u00e9es innovantes et des solutions pratiques.<\/li>\n<li class=\"x11i5rnm xat24cr x1mh8g0r x1vvkbs xtlvy1s\">Action Collective : Identifiez des actions concr\u00e8tes que nous pouvons entreprendre collectivement pour att\u00e9nuer les effets du changement climatique et construire un avenir plus durable.<\/li>\n<\/ul>\n<div class=\"x11i5rnm xat24cr x1mh8g0r x1vvkbs xtlvy1s\" style=\"text-align: justify\"><strong>D\u00e9roulement de l&rsquo;atelier (5 phases) :<\/strong><\/div>\n<ul style=\"text-align: justify\">\n<li class=\"x11i5rnm xat24cr x1mh8g0r x1vvkbs xtlvy1s\">Introduction (10 min) : Pr\u00e9sentation de l\u2019organisme + jeu<\/li>\n<li class=\"x11i5rnm xat24cr x1mh8g0r x1vvkbs xtlvy1s\">Le jeu (1h25) : En \u00e9quipe, jouez et explorez la Fresque du Climat.<\/li>\n<li class=\"x11i5rnm xat24cr x1mh8g0r x1vvkbs xtlvy1s\">Cr\u00e9ativit\u00e9 (25 min) : Tracer des liens entre les cartes, donner un titre, personnaliser la fresque avec des dessins.<\/li>\n<li class=\"x11i5rnm xat24cr x1mh8g0r x1vvkbs xtlvy1s\">\u00a0Emotions (10 min) : Libre \u00e0 vous de partager une \u00e9motion, un ressenti.<\/li>\n<li class=\"x11i5rnm xat24cr x1mh8g0r x1vvkbs xtlvy1s\">Piste d\u2019actions (50 min) : Sous forme de d\u00e9bat, identifiez des actions concr\u00e8tes individuelles et\/ou collectives \u00e0 mettre en place pour contribuer \u00e0 la pr\u00e9servation de notre plan\u00e8te.<\/li>\n<\/ul>\n<div class=\"x11i5rnm xat24cr x1mh8g0r x1vvkbs xtlvy1s\" style=\"text-align: justify\">Rejoignez-nous pour une exp\u00e9rience \u00e9ducative, inspirante et collaborative ! Ensemble, cr\u00e9ons un impact positif pour l&rsquo;avenir de notre plan\u00e8te.\u00a0<span class=\"x3nfvp2 x1j61x8r x1fcty0u xdj266r xhhsvwb xat24cr xgzva0m xxymvpz xlup9mm x1kky2od\"><img decoding=\"async\" class=\"xz74otr\" src=\"https:\/\/static.xx.fbcdn.net\/images\/emoji.php\/v9\/t19\/1.5\/16\/1f30e.png\" alt=\"&quot;&lt;\/p\" \/><\/span><\/div>\n<div class=\"x11i5rnm xat24cr x1mh8g0r x1vvkbs xtlvy1s\" style=\"text-align: justify\"><\/div>\n<div class=\"x11i5rnm xat24cr x1mh8g0r x1vvkbs xtlvy1s\" style=\"text-align: justify\"><\/div>\n<div class=\"x11i5rnm xat24cr x1mh8g0r x1vvkbs xtlvy1s\" style=\"text-align: justify\">Vous pouvez d\u00e8s maintenant vous inscrire gratuitement <a href=\"https:\/\/www.zeffy.com\/fr-CA\/ticketing\/ccf1e6d5-b8a8-417f-939e-75ec76fde82c?fbclid=IwAR18scEdYV4auZNJVDD0easw0FtSRK17RPF79KESnU7wMGJOnPAMedpk0LE\" target=\"_blank\">ici <\/a>!<\/div>\n<div class=\"x11i5rnm xat24cr x1mh8g0r x1vvkbs xtlvy1s\" style=\"text-align: justify\">Attention, le nombre de place est limit\u00e9.<\/div>\n","protected":false},"excerpt":{"rendered":"<p>En parall\u00e8le de notre colloque, nous avons le plaisir de vous inviter \u00e0 participer \u00e0 un atelier gratuit de la Fresque du Climat qui aura lieu le\u00a025 janvier au Centre Social de\u00a0l&rsquo;UQAC, de 9h \u00e0 12h! Vous \u00eates passionn\u00e9(e) par l&rsquo;environnement et souhaitez contribuer \u00e0 la lutte contre le changement climatique ? Ne cherchez pas &hellip; <a href=\"https:\/\/colloques.uqac.ca\/ecoconseil\/atelier-fresque-du-climat\/\" class=\"more-link\">Continuer la lecture de <span class=\"screen-reader-text\">Atelier Fresque du Climat<\/span>  <span class=\"meta-nav\">&rarr;<\/span><\/a><\/p>\n","protected":false},"author":44,"featured_media":0,"parent":0,"menu_order":0,"comment_status":"open","ping_status":"open","template":"","meta":{"footnotes":""},"_links":{"self":[{"href":"https:\/\/colloques.uqac.ca\/ecoconseil\/wp-json\/wp\/v2\/pages\/3439"}],"collection":[{"href":"https:\/\/colloques.uqac.ca\/ecoconseil\/wp-json\/wp\/v2\/pages"}],"about":[{"href":"https:\/\/colloques.uqac.ca\/ecoconseil\/wp-json\/wp\/v2\/types\/page"}],"author":[{"embeddable":true,"href":"https:\/\/colloques.uqac.ca\/ecoconseil\/wp-json\/wp\/v2\/users\/44"}],"replies":[{"embeddable":true,"href":"https:\/\/colloques.uqac.ca\/ecoconseil\/wp-json\/wp\/v2\/comments?post=3439"}],"version-history":[{"count":7,"href":"https:\/\/colloques.uqac.ca\/ecoconseil\/wp-json\/wp\/v2\/pages\/3439\/revisions"}],"predecessor-version":[{"id":3475,"href":"https:\/\/colloques.uqac.ca\/ecoconseil\/wp-json\/wp\/v2\/pages\/3439\/revisions\/3475"}],"wp:attachment":[{"href":"https:\/\/colloques.uqac.ca\/ecoconseil\/wp-json\/wp\/v2\/media?parent=3439"}],"curies":[{"name":"wp","href":"https:\/\/api.w.org\/{rel}","templated":true}]}}