{"id":9,"date":"2013-09-10T18:41:41","date_gmt":"2013-09-10T18:41:41","guid":{"rendered":"http:\/\/colloques.uqac.ca\/modelecolloque\/?page_id=9"},"modified":"2025-08-13T10:07:06","modified_gmt":"2025-08-13T15:07:06","slug":"conferences","status":"publish","type":"page","link":"https:\/\/colloques.uqac.ca\/capo\/conferences\/","title":{"rendered":"Conf\u00e9rences"},"content":{"rendered":"<p><strong>Bien utiliser les opio\u00efdes dans le traitement de la douleur\u2026 et s&rsquo;en sortir quand \u00e7a vire mal<\/strong>\u00a0&#8211; Philippe Degranpr\u00e9, pharmacien conf\u00e9rencier<\/p>\n<p><strong>R\u00e9sultats r\u00e9gionaux du Projet suprar\u00e9gional d&rsquo;analyse de drogues dans l&rsquo;urine de personnes qui consomment au Qu\u00e9bec<\/strong> &#8211; Samuel Larouche, Sant\u00e9 Qu\u00e9bec<\/p>\n<p><strong>La Baraque : Diminution des risques, soutien et pr\u00e9vention au c\u0153ur de la consommation supervis\u00e9e<\/strong>&#8211;\u00a0 Travail de rue de Chicoutimi<\/p>\n<p><a href=\"https:\/\/colloques.uqac.ca\/capo\/description-des-conferences\/\">Description des conf\u00e9rences<\/a><\/p>\n<p>&nbsp;<\/p>\n<p>&nbsp;<\/p>\n","protected":false},"excerpt":{"rendered":"<p>Bien utiliser les opio\u00efdes dans le traitement de la douleur\u2026 et s&rsquo;en sortir quand \u00e7a vire mal\u00a0&#8211; Philippe Degranpr\u00e9, pharmacien conf\u00e9rencier R\u00e9sultats r\u00e9gionaux du Projet suprar\u00e9gional d&rsquo;analyse de drogues dans l&rsquo;urine de personnes qui consomment au Qu\u00e9bec &#8211; Samuel Larouche, Sant\u00e9 Qu\u00e9bec La Baraque : Diminution des risques, soutien et pr\u00e9vention au c\u0153ur de la &hellip; <a href=\"https:\/\/colloques.uqac.ca\/capo\/conferences\/\" class=\"more-link\">Continuer la lecture de <span class=\"screen-reader-text\">Conf\u00e9rences<\/span>  <span class=\"meta-nav\">&rarr;<\/span><\/a><\/p>\n","protected":false},"author":5,"featured_media":0,"parent":0,"menu_order":0,"comment_status":"closed","ping_status":"closed","template":"","meta":{"footnotes":""},"_links":{"self":[{"href":"https:\/\/colloques.uqac.ca\/capo\/wp-json\/wp\/v2\/pages\/9"}],"collection":[{"href":"https:\/\/colloques.uqac.ca\/capo\/wp-json\/wp\/v2\/pages"}],"about":[{"href":"https:\/\/colloques.uqac.ca\/capo\/wp-json\/wp\/v2\/types\/page"}],"author":[{"embeddable":true,"href":"https:\/\/colloques.uqac.ca\/capo\/wp-json\/wp\/v2\/users\/5"}],"replies":[{"embeddable":true,"href":"https:\/\/colloques.uqac.ca\/capo\/wp-json\/wp\/v2\/comments?post=9"}],"version-history":[{"count":26,"href":"https:\/\/colloques.uqac.ca\/capo\/wp-json\/wp\/v2\/pages\/9\/revisions"}],"predecessor-version":[{"id":199,"href":"https:\/\/colloques.uqac.ca\/capo\/wp-json\/wp\/v2\/pages\/9\/revisions\/199"}],"wp:attachment":[{"href":"https:\/\/colloques.uqac.ca\/capo\/wp-json\/wp\/v2\/media?parent=9"}],"curies":[{"name":"wp","href":"https:\/\/api.w.org\/{rel}","templated":true}]}}