{"id":182,"date":"2025-03-19T09:20:21","date_gmt":"2025-03-19T14:20:21","guid":{"rendered":"https:\/\/colloques.uqac.ca\/capo\/?page_id=182"},"modified":"2025-09-04T08:07:24","modified_gmt":"2025-09-04T13:07:24","slug":"inscription-2","status":"publish","type":"page","link":"https:\/\/colloques.uqac.ca\/capo\/inscription-2\/","title":{"rendered":"Inscription"},"content":{"rendered":"<p>Formulaire d&rsquo;inscription : <a href=\"https:\/\/forms.gle\/bWG4czRMaPHgwjPx8\">https:\/\/forms.gle\/bWG4czRMaPHgwjPx8<\/a><\/p>\n<p>Le co\u00fbt est de 25$ (r\u00e9gulier) ou 15$ (\u00e9tudiant).<\/p>\n","protected":false},"excerpt":{"rendered":"<p>Formulaire d&rsquo;inscription : https:\/\/forms.gle\/bWG4czRMaPHgwjPx8 Le co\u00fbt est de 25$ (r\u00e9gulier) ou 15$ (\u00e9tudiant).<\/p>\n","protected":false},"author":100,"featured_media":0,"parent":0,"menu_order":0,"comment_status":"closed","ping_status":"closed","template":"","meta":{"footnotes":""},"_links":{"self":[{"href":"https:\/\/colloques.uqac.ca\/capo\/wp-json\/wp\/v2\/pages\/182"}],"collection":[{"href":"https:\/\/colloques.uqac.ca\/capo\/wp-json\/wp\/v2\/pages"}],"about":[{"href":"https:\/\/colloques.uqac.ca\/capo\/wp-json\/wp\/v2\/types\/page"}],"author":[{"embeddable":true,"href":"https:\/\/colloques.uqac.ca\/capo\/wp-json\/wp\/v2\/users\/100"}],"replies":[{"embeddable":true,"href":"https:\/\/colloques.uqac.ca\/capo\/wp-json\/wp\/v2\/comments?post=182"}],"version-history":[{"count":7,"href":"https:\/\/colloques.uqac.ca\/capo\/wp-json\/wp\/v2\/pages\/182\/revisions"}],"predecessor-version":[{"id":215,"href":"https:\/\/colloques.uqac.ca\/capo\/wp-json\/wp\/v2\/pages\/182\/revisions\/215"}],"wp:attachment":[{"href":"https:\/\/colloques.uqac.ca\/capo\/wp-json\/wp\/v2\/media?parent=182"}],"curies":[{"name":"wp","href":"https:\/\/api.w.org\/{rel}","templated":true}]}}