{"id":149,"date":"2025-02-13T18:24:12","date_gmt":"2025-02-13T23:24:12","guid":{"rendered":"https:\/\/colloques.uqac.ca\/capo\/?page_id=149"},"modified":"2025-09-04T08:03:07","modified_gmt":"2025-09-04T13:03:07","slug":"description-des-conferences","status":"publish","type":"page","link":"https:\/\/colloques.uqac.ca\/capo\/description-des-conferences\/","title":{"rendered":"Description des conf\u00e9rences"},"content":{"rendered":"<h4>Conf\u00e9rence 1 &#8211;<strong> Bien utiliser les opio\u00efdes dans le traitement de la douleur\u2026 et s\u2019en sortir quand \u00e7a vire mal.<\/strong><\/h4>\n<p>Au cours de cette formation, vous aurez l&rsquo;occasion d&rsquo;approfondir vos connaissances sur l&rsquo;utilisation des opio\u00efdes dans le traitement de la douleur chronique, ainsi que dans le cadre de th\u00e9rapies de substitution. Une proportion significative de personnes recevant des opio\u00efdes pour des raisons m\u00e9dicales l\u00e9gitimes risque de d\u00e9velopper un trouble li\u00e9 \u00e0 l&rsquo;usage des opio\u00efdes. Quelles sont les options d&rsquo;interventions pharmacologiques disponibles ? Comment soutenir les patients qui naviguent entre la douleur chronique et les probl\u00e9matiques de d\u00e9pendance et de trouble d&rsquo;usage ? Nous examinerons \u00e9galement le langage appropri\u00e9 et l&rsquo;approche \u00e0 adopter avec les patients pour maximiser les chances de succ\u00e8s th\u00e9rapeutique.<\/p>\n<p><strong>Objectifs<\/strong> :<br \/>\n1. Comprendre la complexit\u00e9 de la douleur chronique<br \/>\n2. Conna\u00eetre les indications des opio\u00efdes dans le traitement de la douleur aigu\u00eb et chronique<br \/>\n3. R\u00e9viser les lignes directrices canadiennes 2024 sur l\u2019utilisation des opio\u00efdes en douleur chronique<br \/>\n4. Douleur chronique ou trouble d\u2019usage, comment les distinguer?<br \/>\n5. Discuter des th\u00e9rapies de remplacement et de leur place dans le traitement<\/p>\n<p><strong>Philippe DeGrandPr\u00e9<\/strong> est pharmacien et conf\u00e9rencier depuis plus de 10 ans. Il a donn\u00e9 plus de 200 conf\u00e9rences dans les derni\u00e8res ann\u00e9es. Il poss\u00e8de une expertise ind\u00e9niable sur l\u2019utilisation de la m\u00e9dication et encore plus sp\u00e9cifiquement dans le domaine de la douleur et des soins palliatifs.<\/p>\n<h4>Conf\u00e9rence 2 &#8211; <strong>R\u00e9sultats r\u00e9gionaux du Projet suprar\u00e9gional d&rsquo;analyse de drogues dans l&rsquo;urine de personnes qui consomment au Qu\u00e9bec<\/strong><\/h4>\n<p>Le projet suprar\u00e9gional d\u2019analyse de drogues dans l\u2019urine des personnes qui consomment au Qu\u00e9bec (PSADUQ) est un projet de l&rsquo;Institut national de sant\u00e9 publique du Qu\u00e9bec et de la Direction de sant\u00e9 publique du CIUSSS du Centre-Sud-de-l&rsquo;\u00cele-de-Montr\u00e9al.<\/p>\n<p>Les objectifs du projet\u00a0sont de\u00a0:<\/p>\n<ul>\n<li>Documenter la consommation de drogues, l\u2019exp\u00e9rience de surdoses et l\u2019utilisation des services en r\u00e9duction des m\u00e9faits;<\/li>\n<li>Identifier les substances qui se trouvent dans l\u2019urine des participants et participantes (notamment les nouvelles substances pr\u00e9occupantes) ;<\/li>\n<li>Documenter la concordance entre les substances volontairement consomm\u00e9es et celles qui se trouvent r\u00e9ellement dans l&rsquo;urine.<\/li>\n<\/ul>\n<p>Les personnes participant au projet doivent avoir consomm\u00e9, dans les trois jours pr\u00e9c\u00e9dant l\u2019entrevue, une drogue achet\u00e9e sur le march\u00e9 clandestin (autre que le cannabis).\u00a0Les donn\u00e9es sont collect\u00e9es annuellement \u00e0 l\u2019aide d\u2019un questionnaire et d\u2019un \u00e9chantillon d\u2019urine, avec la collaboration de directions r\u00e9gionales de sant\u00e9 publique et d\u2019organismes communautaires de leur territoire.<\/p>\n<h4>Conf\u00e9rence 3 &#8211; <span data-sheets-root=\"1\"><strong>La Baraque : Diminution des risques, soutien et pr\u00e9vention au c\u0153ur de la consommation supervis\u00e9e<\/strong>.<\/span><\/h4>\n<div class=\"x_x_elementToProof\">Cette conf\u00e9rence est pr\u00e9sent\u00e9e par le Service de Travail de Rue de Chicoutimi, un organisme \u00e0 but non lucratif qui offre des services de pr\u00e9vention, de sensibilisation, d&rsquo;information et d&rsquo;intervention directement dans les milieux de vie des citoyens de 12 ans et plus.<\/div>\n<div class=\"x_x_elementToProof\">La conf\u00e9rence abordera le fonctionnement du Site de Consommation Supervis\u00e9e (SCS) <em>La Baraque<\/em>, un lieu ouvert depuis 2021, o\u00f9 les usagers peuvent consommer sous la supervision d&rsquo;intervenants qualifi\u00e9s, recevoir des services d&rsquo;\u00e9ducation et de sensibilisation sur la consommation \u00e0 moindres risques, et \u00eatre orient\u00e9s vers des services de sant\u00e9 et de soutien \u00e0 la d\u00e9pendance.<\/div>\n<div class=\"x_x_elementToProof\">Pour terminer, nous aborderons les types de substances les plus couramment rencontr\u00e9es au sein de notre service, ainsi qu&rsquo;une pr\u00e9sentation d\u00e9taill\u00e9e du service de v\u00e9rification des substances et des autres volets connexes.<\/div>\n<div><\/div>\n<div><strong>Marguerite Dufault<\/strong> est, depuis un an et demi, intervenante au Service de travail de rue de Chicoutimi. Ses responsabilit\u00e9s couvrent principalement le site de consommation supervis\u00e9e ainsi que le service de v\u00e9rification des substances. Elle s&rsquo;investit avec une grande passion dans l&rsquo;approche de r\u00e9duction des m\u00e9faits, un domaine qui l&rsquo;inspire profond\u00e9ment et qui guide son engagement quotidien aupr\u00e8s des personnes qu&rsquo;elle accompagne.<\/div>\n<div><\/div>\n<div><strong>Anabelle Bouchard<\/strong> est intervenante au Service de travail de rue de Chicoutimi depuis maintenant 8 mois. Dans le cadre de son r\u00f4le, elle s&rsquo;investit activement dans plusieurs volets, notamment la clinique de proximit\u00e9, le service de v\u00e9rification de substances, et le site de consommation supervis\u00e9e. Anabelle se distingue par sa passion et son engagement envers son travail, mettant tout en \u0153uvre pour apporter un soutien pr\u00e9cieux \u00e0 la communaut\u00e9.<\/div>\n<h4><\/h4>\n","protected":false},"excerpt":{"rendered":"<p>Conf\u00e9rence 1 &#8211; Bien utiliser les opio\u00efdes dans le traitement de la douleur\u2026 et s\u2019en sortir quand \u00e7a vire mal. Au cours de cette formation, vous aurez l&rsquo;occasion d&rsquo;approfondir vos connaissances sur l&rsquo;utilisation des opio\u00efdes dans le traitement de la douleur chronique, ainsi que dans le cadre de th\u00e9rapies de substitution. Une proportion significative de &hellip; <a href=\"https:\/\/colloques.uqac.ca\/capo\/description-des-conferences\/\" class=\"more-link\">Continuer la lecture de <span class=\"screen-reader-text\">Description des conf\u00e9rences<\/span>  <span class=\"meta-nav\">&rarr;<\/span><\/a><\/p>\n","protected":false},"author":100,"featured_media":0,"parent":0,"menu_order":0,"comment_status":"closed","ping_status":"closed","template":"","meta":{"footnotes":""},"_links":{"self":[{"href":"https:\/\/colloques.uqac.ca\/capo\/wp-json\/wp\/v2\/pages\/149"}],"collection":[{"href":"https:\/\/colloques.uqac.ca\/capo\/wp-json\/wp\/v2\/pages"}],"about":[{"href":"https:\/\/colloques.uqac.ca\/capo\/wp-json\/wp\/v2\/types\/page"}],"author":[{"embeddable":true,"href":"https:\/\/colloques.uqac.ca\/capo\/wp-json\/wp\/v2\/users\/100"}],"replies":[{"embeddable":true,"href":"https:\/\/colloques.uqac.ca\/capo\/wp-json\/wp\/v2\/comments?post=149"}],"version-history":[{"count":8,"href":"https:\/\/colloques.uqac.ca\/capo\/wp-json\/wp\/v2\/pages\/149\/revisions"}],"predecessor-version":[{"id":214,"href":"https:\/\/colloques.uqac.ca\/capo\/wp-json\/wp\/v2\/pages\/149\/revisions\/214"}],"wp:attachment":[{"href":"https:\/\/colloques.uqac.ca\/capo\/wp-json\/wp\/v2\/media?parent=149"}],"curies":[{"name":"wp","href":"https:\/\/api.w.org\/{rel}","templated":true}]}}